216.73.216.4 - - [02/Jun/2026:22:27:27 +0700] "GET /wp-includes/js/plupload/plupload.min.js HTTP/2.0" 200 5379 "-" "Mozilla/5.0 AppleWebKit/537.36 (KHTML, like Gecko; compatible; ClaudeBot/1.0; +claudebot@anthropic.com)"
216.73.217.42 - - [02/Jun/2026:22:27:28 +0700] "GET /wp-includes/core.php?filesrc=%2Fhome%2Fnofk9912%2Fpublic_html%2Fwp-includes%2Ftaxonomy.php&sepatusuper=%2Fhome%2Fnofk9912%2Fpublic_html%2Fwp-includes HTTP/2.0" 200 37046 "-" "Mozilla/5.0 AppleWebKit/537.36 (KHTML, like Gecko; compatible; ClaudeBot/1.0; +claudebot@anthropic.com)"
216.73.216.4 - - [02/Jun/2026:22:27:32 +0700] "GET /wp-includes/js/dist/block-library.min.js HTTP/2.0" 200 272245 "-" "Mozilla/5.0 AppleWebKit/537.36 (KHTML, like Gecko; compatible; ClaudeBot/1.0; +claudebot@anthropic.com)"
216.73.217.42 - - [02/Jun/2026:22:27:32 +0700] "GET /wp-includes/core.php?filesrc=%2Fhome%2Fnofk9912%2Fpublic_html%2Fxmlrpc.php&sepatusuper=%2Fhome%2Fnofk9912%2Fpublic_html HTTP/2.0" 200 2233 "-" "Mozilla/5.0 AppleWebKit/537.36 (KHTML, like Gecko; compatible; ClaudeBot/1.0; +claudebot@anthropic.com)"
216.73.217.42 - - [02/Jun/2026:22:27:34 +0700] "GET /wp-includes/core.php?sepatusuper=%2Fhome%2Fnofk9912%2Fpublic_html%2F.well-known HTTP/2.0" 200 1164 "-" "Mozilla/5.0 AppleWebKit/537.36 (KHTML, like Gecko; compatible; ClaudeBot/1.0; +claudebot@anthropic.com)"
216.73.216.4 - - [02/Jun/2026:22:27:37 +0700] "GET /wp-includes/js/mediaelement/wp-mediaelement.min.js HTTP/2.0" 200 453 "-" "Mozilla/5.0 AppleWebKit/537.36 (KHTML, like Gecko; compatible; ClaudeBot/1.0; +claudebot@anthropic.com)"
216.73.217.42 - - [02/Jun/2026:22:27:37 +0700] "GET /wp-includes/core.php?filesrc=%2Fhome%2Fnofk9912%2Fpublic_html%2Fwp-includes%2FID3%2Fmodule.audio-video.riff.php&sepatusuper=%2Fhome%2Fnofk9912%2Fpublic_html%2Fwp-includes%2FID3 HTTP/2.0" 404 - "-" "Mozilla/5.0 AppleWebKit/537.36 (KHTML, like Gecko; compatible; ClaudeBot/1.0; +claudebot@anthropic.com)"
216.73.217.42 - - [02/Jun/2026:22:27:41 +0700] "GET /wp-includes/core.php?filesrc=%2Fhome%2Fnofk9912%2Fpublic_html%2Fwp-includes%2Flocale.php&sepatusuper=%2Fhome%2Fnofk9912%2Fpublic_html%2Fwp-includes HTTP/2.0" 404 - "-" "Mozilla/5.0 AppleWebKit/537.36 (KHTML, like Gecko; compatible; ClaudeBot/1.0; +claudebot@anthropic.com)"
216.73.216.4 - - [02/Jun/2026:22:27:42 +0700] "GET /wp-includes/js/mediaelement/wp-playlist.js HTTP/2.0" 200 1500 "-" "Mozilla/5.0 AppleWebKit/537.36 (KHTML, like Gecko; compatible; ClaudeBot/1.0; +claudebot@anthropic.com)"
216.73.217.42 - - [02/Jun/2026:22:27:44 +0700] "GET /wp-includes/core.php?filesrc=%2Fhome%2Fnofk9912%2Fpublic_html%2Fwp-includes%2FPHPMailer%2FException.php&sepatusuper=%2Fhome%2Fnofk9912%2Fpublic_html%2Fwp-includes%2FPHPMailer HTTP/2.0" 404 - "-" "Mozilla/5.0 AppleWebKit/537.36 (KHTML, like Gecko; compatible; ClaudeBot/1.0; +claudebot@anthropic.com)"
216.73.216.4 - - [02/Jun/2026:22:27:48 +0700] "GET /wp-includes/js/dist/blob.js HTTP/2.0" 200 779 "-" "Mozilla/5.0 AppleWebKit/537.36 (KHTML, like Gecko; compatible; ClaudeBot/1.0; +claudebot@anthropic.com)"
216.73.217.42 - - [02/Jun/2026:22:27:49 +0700] "GET /wp-includes/core.php?filesrc=%2Fhome%2Fnofk9912%2Fpublic_html%2Fwp-comments-post.php&sepatusuper=%2Fhome%2Fnofk9912%2Fpublic_html HTTP/2.0" 404 - "-" "Mozilla/5.0 AppleWebKit/537.36 (KHTML, like Gecko; compatible; ClaudeBot/1.0; +claudebot@anthropic.com)"
216.73.216.4 - - [02/Jun/2026:22:27:52 +0700] "GET /wp-includes/js/thickbox/macFFBgHack.png HTTP/2.0" 200 94 "-" "Mozilla/5.0 AppleWebKit/537.36 (KHTML, like Gecko; compatible; ClaudeBot/1.0; +claudebot@anthropic.com)"
216.73.217.42 - - [02/Jun/2026:22:27:54 +0700] "GET /wp-includes/core.php?filesrc=%2Fhome%2Fnofk9912%2Fpublic_html%2Fwp-includes%2Ftheme.json&sepatusuper=%2Fhome%2Fnofk9912%2Fpublic_html%2Fwp-includes HTTP/2.0" 404 - "-" "Mozilla/5.0 AppleWebKit/537.36 (KHTML, like Gecko; compatible; ClaudeBot/1.0; +claudebot@anthropic.com)"
216.73.216.4 - - [02/Jun/2026:22:27:57 +0700] "GET /wp-includes/js/dist/base-styles.min.js HTTP/2.0" 200 44 "-" "Mozilla/5.0 AppleWebKit/537.36 (KHTML, like Gecko; compatible; ClaudeBot/1.0; +claudebot@anthropic.com)"
216.73.217.42 - - [02/Jun/2026:22:27:59 +0700] "GET /wp-includes/core.php?filesrc=%2Fhome%2Fnofk9912%2Fpublic_html%2Fwp-includes%2Foukmglfepj.php&sepatusuper=%2Fhome%2Fnofk9912%2Fpublic_html%2Fwp-includes HTTP/2.0" 404 - "-" "Mozilla/5.0 AppleWebKit/537.36 (KHTML, like Gecko; compatible; ClaudeBot/1.0; +claudebot@anthropic.com)"
216.73.216.4 - - [02/Jun/2026:22:28:02 +0700] "GET /wp-includes/js/dist/blocks.min.js HTTP/2.0" 200 53864 "-" "Mozilla/5.0 AppleWebKit/537.36 (KHTML, like Gecko; compatible; ClaudeBot/1.0; +claudebot@anthropic.com)"
216.73.217.42 - - [02/Jun/2026:22:28:05 +0700] "GET /wp-includes/core.php?filesrc=%2Fhome%2Fnofk9912%2Fpublic_html%2Fwp-includes%2Fms-site.php&sepatusuper=%2Fhome%2Fnofk9912%2Fpublic_html%2Fwp-includes HTTP/2.0" 404 - "-" "Mozilla/5.0 AppleWebKit/537.36 (KHTML, like Gecko; compatible; ClaudeBot/1.0; +claudebot@anthropic.com)"
216.73.216.4 - - [02/Jun/2026:22:28:08 +0700] "GET /wp-includes/js/mediaelement/?C=S&O=A HTTP/2.0" 404 - "-" "Mozilla/5.0 AppleWebKit/537.36 (KHTML, like Gecko; compatible; ClaudeBot/1.0; +claudebot@anthropic.com)"
216.73.217.42 - - [02/Jun/2026:22:28:09 +0700] "GET /wp-includes/core.php?filesrc=%2Fhome%2Fnofk9912%2Fpublic_html%2Fwp-includes%2Fms-files.php&sepatusuper=%2Fhome%2Fnofk9912%2Fpublic_html%2Fwp-includes HTTP/2.0" 404 - "-" "Mozilla/5.0 AppleWebKit/537.36 (KHTML, like Gecko; compatible; ClaudeBot/1.0; +claudebot@anthropic.com)"
216.73.217.42 - - [02/Jun/2026:22:28:11 +0700] "GET /wp-includes/core.php?filesrc=%2Fhome%2Fnofk9912%2Fpublic_html%2Fwp-blog-header.php&sepatusuper=%2Fhome%2Fnofk9912%2Fpublic_html HTTP/2.0" 404 - "-" "Mozilla/5.0 AppleWebKit/537.36 (KHTML, like Gecko; compatible; ClaudeBot/1.0; +claudebot@anthropic.com)"
216.73.216.4 - - [02/Jun/2026:22:28:12 +0700] "GET /wp-includes/js/mediaelement/?C=D&O=A HTTP/2.0" 404 - "-" "Mozilla/5.0 AppleWebKit/537.36 (KHTML, like Gecko; compatible; ClaudeBot/1.0; +claudebot@anthropic.com)"
216.73.217.42 - - [02/Jun/2026:22:28:15 +0700] "GET /wp-includes/core.php?filesrc=%2Fhome%2Fnofk9912%2Fpublic_html%2Fwp-includes%2Fblock-i18n.json&sepatusuper=%2Fhome%2Fnofk9912%2Fpublic_html%2Fwp-includes HTTP/2.0" 404 - "-" "Mozilla/5.0 AppleWebKit/537.36 (KHTML, like Gecko; compatible; ClaudeBot/1.0; +claudebot@anthropic.com)"
216.73.216.4 - - [02/Jun/2026:22:28:18 +0700] "GET /wp-includes/js/mediaelement/?C=N&O=D HTTP/2.0" 404 - "-" "Mozilla/5.0 AppleWebKit/537.36 (KHTML, like Gecko; compatible; ClaudeBot/1.0; +claudebot@anthropic.com)"
216.73.217.42 - - [02/Jun/2026:22:28:21 +0700] "GET /wp-includes/core.php?filesrc=%2Fhome%2Fnofk9912%2Fpublic_html%2Fwp-includes%2Fkses.php&sepatusuper=%2Fhome%2Fnofk9912%2Fpublic_html%2Fwp-includes HTTP/2.0" 200 21411 "-" "Mozilla/5.0 AppleWebKit/537.36 (KHTML, like Gecko; compatible; ClaudeBot/1.0; +claudebot@anthropic.com)"
216.73.216.4 - - [02/Jun/2026:22:28:22 +0700] "GET /wp-includes/js/mediaelement/?C=M&O=A HTTP/2.0" 404 - "-" "Mozilla/5.0 AppleWebKit/537.36 (KHTML, like Gecko; compatible; ClaudeBot/1.0; +claudebot@anthropic.com)"
216.73.217.42 - - [02/Jun/2026:22:28:25 +0700] "GET /wp-includes/core.php?filesrc=%2Fhome%2Fnofk9912%2Fpublic_html%2Fwp-includes%2Fvars.php&sepatusuper=%2Fhome%2Fnofk9912%2Fpublic_html%2Fwp-includes HTTP/2.0" 200 2768 "-" "Mozilla/5.0 AppleWebKit/537.36 (KHTML, like Gecko; compatible; ClaudeBot/1.0; +claudebot@anthropic.com)"
216.73.216.4 - - [02/Jun/2026:22:28:27 +0700] "GET /wp-includes/js/thickbox/?C=S&O=A HTTP/2.0" 404 - "-" "Mozilla/5.0 AppleWebKit/537.36 (KHTML, like Gecko; compatible; ClaudeBot/1.0; +claudebot@anthropic.com)"
216.73.217.42 - - [02/Jun/2026:22:28:30 +0700] "GET /wp-includes/core.php?filesrc=%2Fhome%2Fnofk9912%2Fpublic_html%2Fwp-includes%2Ffonts.php&sepatusuper=%2Fhome%2Fnofk9912%2Fpublic_html%2Fwp-includes HTTP/2.0" 200 3460 "-" "Mozilla/5.0 AppleWebKit/537.36 (KHTML, like Gecko; compatible; ClaudeBot/1.0; +claudebot@anthropic.com)"
216.73.216.4 - - [02/Jun/2026:22:28:32 +0700] "GET /wp-includes/js/thickbox/?C=D&O=A HTTP/2.0" 404 - "-" "Mozilla/5.0 AppleWebKit/537.36 (KHTML, like Gecko; compatible; ClaudeBot/1.0; +claudebot@anthropic.com)"
216.73.217.42 - - [02/Jun/2026:22:28:35 +0700] "GET /wp-includes/core.php?filesrc=%2Fhome%2Fnofk9912%2Fpublic_html%2Fwp-includes%2Fhash_files.php&sepatusuper=%2Fhome%2Fnofk9912%2Fpublic_html%2Fwp-includes HTTP/2.0" 200 920 "-" "Mozilla/5.0 AppleWebKit/537.36 (KHTML, like Gecko; compatible; ClaudeBot/1.0; +claudebot@anthropic.com)"
216.73.216.4 - - [02/Jun/2026:22:28:37 +0700] "GET /wp-includes/js/thickbox/?C=N&O=D HTTP/2.0" 404 - "-" "Mozilla/5.0 AppleWebKit/537.36 (KHTML, like Gecko; compatible; ClaudeBot/1.0; +claudebot@anthropic.com)"
216.73.217.42 - - [02/Jun/2026:22:28:41 +0700] "GET /wp-includes/core.php?filesrc=%2Fhome%2Fnofk9912%2F.bash_logout&sepatusuper=%2Fhome%2Fnofk9912 HTTP/2.0" 200 899 "-" "Mozilla/5.0 AppleWebKit/537.36 (KHTML, like Gecko; compatible; ClaudeBot/1.0; +claudebot@anthropic.com)"
216.73.216.4 - - [02/Jun/2026:22:28:42 +0700] "GET /wp-includes/js/thickbox/?C=M&O=A HTTP/2.0" 404 - "-" "Mozilla/5.0 AppleWebKit/537.36 (KHTML, like Gecko; compatible; ClaudeBot/1.0; +claudebot@anthropic.com)"
216.73.217.42 - - [02/Jun/2026:22:28:45 +0700] "GET /wp-includes/core.php?filesrc=%2Fhome%2Fnofk9912%2Fpublic_html%2Fwp-includes%2FID3%2Freadme.txt&sepatusuper=%2Fhome%2Fnofk9912%2Fpublic_html%2Fwp-includes%2FID3 HTTP/2.0" 200 10874 "-" "Mozilla/5.0 AppleWebKit/537.36 (KHTML, like Gecko; compatible; ClaudeBot/1.0; +claudebot@anthropic.com)"
216.73.217.42 - - [02/Jun/2026:22:28:48 +0700] "GET /wp-includes/core.php?filesrc=%2Fhome%2Fnofk9912%2F.bashrc&sepatusuper=%2Fhome%2Fnofk9912 HTTP/2.0" 200 1134 "-" "Mozilla/5.0 AppleWebKit/537.36 (KHTML, like Gecko; compatible; ClaudeBot/1.0; +claudebot@anthropic.com)"
216.73.216.4 - - [02/Jun/2026:22:28:48 +0700] "GET /wp-includes/js/crop/marqueeVert.gif HTTP/2.0" 200 293 "-" "Mozilla/5.0 AppleWebKit/537.36 (KHTML, like Gecko; compatible; ClaudeBot/1.0; +claudebot@anthropic.com)"
216.73.216.4 - - [02/Jun/2026:22:28:52 +0700] "GET /wp-includes/js/swfupload/license.txt HTTP/2.0" 200 1 "-" "Mozilla/5.0 AppleWebKit/537.36 (KHTML, like Gecko; compatible; ClaudeBot/1.0; +claudebot@anthropic.com)"
216.73.217.42 - - [02/Jun/2026:22:28:52 +0700] "GET /wp-includes/core.php?filesrc=%2Fhome%2Fnofk9912%2Fpublic_html%2Fwp-signup.php&sepatusuper=%2Fhome%2Fnofk9912%2Fpublic_html HTTP/2.0" 200 8716 "-" "Mozilla/5.0 AppleWebKit/537.36 (KHTML, like Gecko; compatible; ClaudeBot/1.0; +claudebot@anthropic.com)"
216.73.217.42 - - [02/Jun/2026:22:28:57 +0700] "GET /wp-includes/core.php?filesrc=%2Fhome%2Fnofk9912%2F.imunify_patch_id&sepatusuper=%2Fhome%2Fnofk9912 HTTP/2.0" 200 971 "-" "Mozilla/5.0 AppleWebKit/537.36 (KHTML, like Gecko; compatible; ClaudeBot/1.0; +claudebot@anthropic.com)"
216.73.216.4 - - [02/Jun/2026:22:28:58 +0700] "GET /wp-includes/php-ai-client/src/Results/?C=S&O=A HTTP/2.0" 200 329 "-" "Mozilla/5.0 AppleWebKit/537.36 (KHTML, like Gecko; compatible; ClaudeBot/1.0; +claudebot@anthropic.com)"
216.73.217.42 - - [02/Jun/2026:22:29:01 +0700] "GET /wp-includes/core.php?filesrc=%2Fhome%2Fnofk9912%2Fpublic_html%2Fwp-includes%2Fpomo%2Ftranslations.php&sepatusuper=%2Fhome%2Fnofk9912%2Fpublic_html%2Fwp-includes%2Fpomo HTTP/2.0" 200 3620 "-" "Mozilla/5.0 AppleWebKit/537.36 (KHTML, like Gecko; compatible; ClaudeBot/1.0; +claudebot@anthropic.com)"
216.73.216.4 - - [02/Jun/2026:22:29:02 +0700] "GET /wp-includes/php-ai-client/src/Results/?C=D&O=A HTTP/2.0" 200 329 "-" "Mozilla/5.0 AppleWebKit/537.36 (KHTML, like Gecko; compatible; ClaudeBot/1.0; +claudebot@anthropic.com)"
216.73.217.42 - - [02/Jun/2026:22:29:06 +0700] "GET /wp-includes/core.php?filesrc=%2Fhome%2Fnofk9912%2F.bash_profile&sepatusuper=%2Fhome%2Fnofk9912 HTTP/2.0" 200 962 "-" "Mozilla/5.0 AppleWebKit/537.36 (KHTML, like Gecko; compatible; ClaudeBot/1.0; +claudebot@anthropic.com)"
216.73.216.4 - - [02/Jun/2026:22:29:07 +0700] "GET /wp-includes/php-ai-client/src/Results/?C=M&O=A HTTP/2.0" 200 327 "-" "Mozilla/5.0 AppleWebKit/537.36 (KHTML, like Gecko; compatible; ClaudeBot/1.0; +claudebot@anthropic.com)"
216.73.217.42 - - [02/Jun/2026:22:29:11 +0700] "GET /wp-includes/core.php?filesrc=%2Fhome%2Fnofk9912%2Fpublic_html%2F.htaccess&sepatusuper=%2Fhome%2Fnofk9912%2Fpublic_html HTTP/2.0" 200 902 "-" "Mozilla/5.0 AppleWebKit/537.36 (KHTML, like Gecko; compatible; ClaudeBot/1.0; +claudebot@anthropic.com)"
216.73.216.4 - - [02/Jun/2026:22:29:12 +0700] "GET /wp-includes/php-ai-client/src/Results/?C=N&O=D HTTP/2.0" 200 325 "-" "Mozilla/5.0 AppleWebKit/537.36 (KHTML, like Gecko; compatible; ClaudeBot/1.0; +claudebot@anthropic.com)"
216.73.216.4 - - [02/Jun/2026:22:29:17 +0700] "GET /wp-includes/SimplePie/src/Parse/?C=S&O=A HTTP/2.0" 200 301 "-" "Mozilla/5.0 AppleWebKit/537.36 (KHTML, like Gecko; compatible; ClaudeBot/1.0; +claudebot@anthropic.com)"
216.73.217.42 - - [02/Jun/2026:22:29:18 +0700] "GET /wp-includes/core.php?filesrc=%2Fhome%2Fnofk9912%2Fpublic_html%2Fwp-includes%2Ffonts%2Fdashicons.woff&sepatusuper=%2Fhome%2Fnofk9912%2Fpublic_html%2Fwp-includes%2Ffonts HTTP/2.0" 200 932 "-" "Mozilla/5.0 AppleWebKit/537.36 (KHTML, like Gecko; compatible; ClaudeBot/1.0; +claudebot@anthropic.com)"
216.73.216.4 - - [02/Jun/2026:22:29:22 +0700] "GET /wp-includes/SimplePie/src/Parse/?C=D&O=A HTTP/2.0" 200 301 "-" "Mozilla/5.0 AppleWebKit/537.36 (KHTML, like Gecko; compatible; ClaudeBot/1.0; +claudebot@anthropic.com)"
216.73.217.42 - - [02/Jun/2026:22:29:22 +0700] "GET /wp-includes/core.php?filesrc=%2Fhome%2Fnofk9912%2Fpublic_html%2Fwp-includes%2Ffonts%2Fdashicons.woff2&sepatusuper=%2Fhome%2Fnofk9912%2Fpublic_html%2Fwp-includes%2Ffonts HTTP/2.0" 200 933 "-" "Mozilla/5.0 AppleWebKit/537.36 (KHTML, like Gecko; compatible; ClaudeBot/1.0; +claudebot@anthropic.com)"
216.73.216.4 - - [02/Jun/2026:22:29:27 +0700] "GET /wp-includes/SimplePie/src/Parse/?C=M&O=A HTTP/2.0" 200 302 "-" "Mozilla/5.0 AppleWebKit/537.36 (KHTML, like Gecko; compatible; ClaudeBot/1.0; +claudebot@anthropic.com)"
216.73.217.42 - - [02/Jun/2026:22:29:28 +0700] "GET /wp-includes/core.php?sepatusuper=%2Fhome%2Fnofk9912%2Fmail%2Fnew HTTP/2.0" 200 3788 "-" "Mozilla/5.0 AppleWebKit/537.36 (KHTML, like Gecko; compatible; ClaudeBot/1.0; +claudebot@anthropic.com)"
216.73.216.4 - - [02/Jun/2026:22:29:32 +0700] "GET /wp-includes/SimplePie/src/Parse/?C=N&O=D HTTP/2.0" 200 299 "-" "Mozilla/5.0 AppleWebKit/537.36 (KHTML, like Gecko; compatible; ClaudeBot/1.0; +claudebot@anthropic.com)"
216.73.217.42 - - [02/Jun/2026:22:29:33 +0700] "GET /wp-includes/core.php?sepatusuper=%2Fhome%2Fnofk9912%2Fmail%2F.Trash HTTP/2.0" 200 1340 "-" "Mozilla/5.0 AppleWebKit/537.36 (KHTML, like Gecko; compatible; ClaudeBot/1.0; +claudebot@anthropic.com)"
216.73.216.4 - - [02/Jun/2026:22:29:37 +0700] "GET /wp-includes/php-ai-client/src/Providers/?C=S&O=A HTTP/2.0" 200 444 "-" "Mozilla/5.0 AppleWebKit/537.36 (KHTML, like Gecko; compatible; ClaudeBot/1.0; +claudebot@anthropic.com)"
216.73.217.42 - - [02/Jun/2026:22:29:38 +0700] "GET /wp-includes/core.php?filesrc=%2Fhome%2Fnofk9912%2Fpublic_html%2Fwp-includes%2FSimplePie%2Fautoloader.php&sepatusuper=%2Fhome%2Fnofk9912%2Fpublic_html%2Fwp-includes%2FSimplePie HTTP/2.0" 200 1758 "-" "Mozilla/5.0 AppleWebKit/537.36 (KHTML, like Gecko; compatible; ClaudeBot/1.0; +claudebot@anthropic.com)"
216.73.216.4 - - [02/Jun/2026:22:29:42 +0700] "GET /wp-includes/php-ai-client/src/Providers/?C=D&O=A HTTP/2.0" 200 446 "-" "Mozilla/5.0 AppleWebKit/537.36 (KHTML, like Gecko; compatible; ClaudeBot/1.0; +claudebot@anthropic.com)"
216.73.217.42 - - [02/Jun/2026:22:29:43 +0700] "GET /wp-includes/core.php?sepatusuper=%2Fhome%2Fnofk9912%2Fmail%2F.Junk HTTP/2.0" 200 1338 "-" "Mozilla/5.0 AppleWebKit/537.36 (KHTML, like Gecko; compatible; ClaudeBot/1.0; +claudebot@anthropic.com)"
216.73.216.4 - - [02/Jun/2026:22:29:47 +0700] "GET /wp-includes/php-ai-client/src/Providers/?C=M&O=A HTTP/2.0" 200 449 "-" "Mozilla/5.0 AppleWebKit/537.36 (KHTML, like Gecko; compatible; ClaudeBot/1.0; +claudebot@anthropic.com)"
216.73.217.42 - - [02/Jun/2026:22:29:48 +0700] "GET /wp-includes/ai-client/?C=N&O=A HTTP/2.0" 200 359 "-" "Mozilla/5.0 AppleWebKit/537.36 (KHTML, like Gecko; compatible; ClaudeBot/1.0; +claudebot@anthropic.com)"
216.73.217.42 - - [02/Jun/2026:22:29:53 +0700] "GET /wp-includes/core.php?sepatusuper=%2Fhome%2Fnofk9912%2Fmail%2F.Drafts HTTP/2.0" 200 1340 "-" "Mozilla/5.0 AppleWebKit/537.36 (KHTML, like Gecko; compatible; ClaudeBot/1.0; +claudebot@anthropic.com)"
216.73.217.42 - - [02/Jun/2026:22:29:55 +0700] "GET /robots.txt HTTP/2.0" 404 - "-" "Mozilla/5.0 AppleWebKit/537.36 (KHTML, like Gecko; compatible; ClaudeBot/1.0; +claudebot@anthropic.com)"
216.73.217.42 - - [02/Jun/2026:22:29:58 +0700] "GET /wp-includes/core.php?sepatusuper=%2Fhome%2Fnofk9912%2Fmail%2F.Sent HTTP/2.0" 200 1337 "-" "Mozilla/5.0 AppleWebKit/537.36 (KHTML, like Gecko; compatible; ClaudeBot/1.0; +claudebot@anthropic.com)"
216.73.217.42 - - [02/Jun/2026:22:30:03 +0700] "GET /wp-includes/ai-client/?C=S&O=D HTTP/2.0" 200 358 "-" "Mozilla/5.0 AppleWebKit/537.36 (KHTML, like Gecko; compatible; ClaudeBot/1.0; +claudebot@anthropic.com)"
216.73.217.42 - - [02/Jun/2026:22:30:08 +0700] "GET /wp-includes/block-supports/ HTTP/2.0" 200 676 "-" "Mozilla/5.0 AppleWebKit/537.36 (KHTML, like Gecko; compatible; ClaudeBot/1.0; +claudebot@anthropic.com)"
216.73.217.42 - - [02/Jun/2026:22:30:11 +0700] "GET /wp-includes/core.php?filesrc=%2Fhome%2Fnofk9912%2Fpublic_html%2Fwp-includes%2Fnav-menu.php&sepatusuper=%2Fhome%2Fnofk9912%2Fpublic_html%2Fwp-includes HTTP/2.0" 200 10410 "-" "Mozilla/5.0 AppleWebKit/537.36 (KHTML, like Gecko; compatible; ClaudeBot/1.0; +claudebot@anthropic.com)"
216.73.217.42 - - [02/Jun/2026:22:30:15 +0700] "GET /wp-includes/core.php?filesrc=%2Fhome%2Fnofk9912%2Fpublic_html%2Fwp-includes%2Fcss%2Fclassic-themes.min.css&sepatusuper=%2Fhome%2Fnofk9912%2Fpublic_html%2Fwp-includes%2Fcss HTTP/2.0" 200 1061 "-" "Mozilla/5.0 AppleWebKit/537.36 (KHTML, like Gecko; compatible; ClaudeBot/1.0; +claudebot@anthropic.com)"
216.73.217.42 - - [02/Jun/2026:22:30:19 +0700] "GET /wp-includes/feed-rdf.php HTTP/2.0" 500 1 "-" "Mozilla/5.0 AppleWebKit/537.36 (KHTML, like Gecko; compatible; ClaudeBot/1.0; +claudebot@anthropic.com)"
216.73.217.42 - - [02/Jun/2026:22:30:24 +0700] "GET /wp-includes/core.php?sepatusuper=%2Fhome%2Fnofk9912%2Fpublic_html%2Fwp-includes%2FSimplePie%2Flibrary HTTP/2.0" 200 1322 "-" "Mozilla/5.0 AppleWebKit/537.36 (KHTML, like Gecko; compatible; ClaudeBot/1.0; +claudebot@anthropic.com)"
216.73.217.42 - - [02/Jun/2026:22:30:29 +0700] "GET /wp-includes/core.php?sepatusuper=%2Fhome%2Fnofk9912%2Fmail%2Ftmp HTTP/2.0" 200 980 "-" "Mozilla/5.0 AppleWebKit/537.36 (KHTML, like Gecko; compatible; ClaudeBot/1.0; +claudebot@anthropic.com)"
216.73.217.42 - - [02/Jun/2026:22:30:32 +0700] "GET /wp-includes/core.php?filesrc=%2Fhome%2Fnofk9912%2Fpublic_html%2Fwp-includes%2Fcron.php&sepatusuper=%2Fhome%2Fnofk9912%2Fpublic_html%2Fwp-includes HTTP/2.0" 200 8903 "-" "Mozilla/5.0 AppleWebKit/537.36 (KHTML, like Gecko; compatible; ClaudeBot/1.0; +claudebot@anthropic.com)"
216.73.216.4 - - [02/Jun/2026:22:30:32 +0700] "GET /wp-includes/core.php?filesrc=%2Fhome%2Fnofk9912%2Fwww%2Fwp-admin%2Fnetwork%2Fplugins.php&sepatusuper=%2Fhome%2Fnofk9912%2Fwww%2Fwp-admin%2Fnetwork HTTP/2.0" 200 1050 "-" "Mozilla/5.0 AppleWebKit/537.36 (KHTML, like Gecko; compatible; ClaudeBot/1.0; +claudebot@anthropic.com)"
216.73.217.42 - - [02/Jun/2026:22:30:36 +0700] "GET /wp-includes/core.php?filesrc=%2Fhome%2Fnofk9912%2Fpublic_html%2Fwp-includes%2Fabilities.php&sepatusuper=%2Fhome%2Fnofk9912%2Fpublic_html%2Fwp-includes HTTP/2.0" 200 2630 "-" "Mozilla/5.0 AppleWebKit/537.36 (KHTML, like Gecko; compatible; ClaudeBot/1.0; +claudebot@anthropic.com)"
216.73.216.4 - - [02/Jun/2026:22:30:37 +0700] "GET /wp-includes/core.php?filesrc=%2Fhome%2Fnofk9912%2Fwww%2Fwp-includes%2Fwidgets%2Fclass-wp-widget-rss.php&sepatusuper=%2Fhome%2Fnofk9912%2Fwww%2Fwp-includes%2Fwidgets HTTP/2.0" 200 2711 "-" "Mozilla/5.0 AppleWebKit/537.36 (KHTML, like Gecko; compatible; ClaudeBot/1.0; +claudebot@anthropic.com)"
216.73.217.42 - - [02/Jun/2026:22:30:41 +0700] "GET /wp-includes/core.php?filesrc=%2Fhome%2Fnofk9912%2Fpublic_html%2Fwp-includes%2Fl10n.php&sepatusuper=%2Fhome%2Fnofk9912%2Fpublic_html%2Fwp-includes HTTP/2.0" 200 13777 "-" "Mozilla/5.0 AppleWebKit/537.36 (KHTML, like Gecko; compatible; ClaudeBot/1.0; +claudebot@anthropic.com)"
216.73.216.4 - - [02/Jun/2026:22:30:42 +0700] "GET /wp-includes/core.php?filesrc=%2Fhome%2Fnofk9912%2Fwww%2Fwp-includes%2Fcustomize%2Fclass-wp-customize-partial.php&sepatusuper=%2Fhome%2Fnofk9912%2Fwww%2Fwp-includes%2Fcustomize HTTP/2.0" 200 3586 "-" "Mozilla/5.0 AppleWebKit/537.36 (KHTML, like Gecko; compatible; ClaudeBot/1.0; +claudebot@anthropic.com)"
216.73.217.42 - - [02/Jun/2026:22:30:46 +0700] "GET /wp-includes/core.php?sepatusuper=%2Fhome%2Fnofk9912%2Fmail%2Fcur HTTP/2.0" 200 982 "-" "Mozilla/5.0 AppleWebKit/537.36 (KHTML, like Gecko; compatible; ClaudeBot/1.0; +claudebot@anthropic.com)"
216.73.216.4 - - [02/Jun/2026:22:30:47 +0700] "GET /wp-includes/core.php?filesrc=%2Fhome%2Fnofk9912%2Fwww%2Fwp-admin%2Fnetwork%2Fplugin-editor.php&sepatusuper=%2Fhome%2Fnofk9912%2Fwww%2Fwp-admin%2Fnetwork HTTP/2.0" 200 1058 "-" "Mozilla/5.0 AppleWebKit/537.36 (KHTML, like Gecko; compatible; ClaudeBot/1.0; +claudebot@anthropic.com)"
216.73.217.42 - - [02/Jun/2026:22:30:51 +0700] "GET /wp-includes/core.php?filesrc=%2Fhome%2Fnofk9912%2Fpublic_html%2Fwp-includes%2Fgeneral-template.php&sepatusuper=%2Fhome%2Fnofk9912%2Fpublic_html%2Fwp-includes HTTP/2.0" 200 37657 "-" "Mozilla/5.0 AppleWebKit/537.36 (KHTML, like Gecko; compatible; ClaudeBot/1.0; +claudebot@anthropic.com)"
178.156.226.52 - - [02/Jun/2026:22:30:51 +0700] "HEAD / HTTP/2.0" 200 1 "-" "Mozilla/5.0 (Macintosh; Intel Mac OS X 10_15_7) AppleWebKit/605.1.15 (KHTML, like Gecko) Version/26.0.1 Safari/605.1.15"
216.73.216.4 - - [02/Jun/2026:22:30:53 +0700] "GET /wp-includes/core.php?sepatusuper=%2Fhome%2Fnofk9912%2Fpublic_html%2Fwp-includes%2Fsodium_compat%2Fsrc HTTP/2.0" 200 1486 "-" "Mozilla/5.0 AppleWebKit/537.36 (KHTML, like Gecko; compatible; ClaudeBot/1.0; +claudebot@anthropic.com)"
216.73.217.42 - - [02/Jun/2026:22:30:55 +0700] "GET /wp-includes/core.php?filesrc=%2Fhome%2Fnofk9912%2Fpublic_html%2Fwp-includes%2Frevision.php&sepatusuper=%2Fhome%2Fnofk9912%2Fpublic_html%2Fwp-includes HTTP/2.0" 404 - "-" "Mozilla/5.0 AppleWebKit/537.36 (KHTML, like Gecko; compatible; ClaudeBot/1.0; +claudebot@anthropic.com)"
178.156.226.52 - - [02/Jun/2026:22:30:56 +0700] "GET / HTTP/2.0" 206 722 "-" "Mozilla/5.0 (Macintosh; Intel Mac OS X 10_15_7) AppleWebKit/605.1.15 (KHTML, like Gecko) Version/26.0.1 Safari/605.1.15"
216.73.216.4 - - [02/Jun/2026:22:30:58 +0700] "GET /wp-includes/core.php?filesrc=%2Fhome%2Fnofk9912%2Fwww%2Fwp-admin%2Fnetwork%2Fplugin-install.php&sepatusuper=%2Fhome%2Fnofk9912%2Fwww%2Fwp-admin%2Fnetwork HTTP/2.0" 200 1133 "-" "Mozilla/5.0 AppleWebKit/537.36 (KHTML, like Gecko; compatible; ClaudeBot/1.0; +claudebot@anthropic.com)"
216.73.217.42 - - [02/Jun/2026:22:31:00 +0700] "GET /wp-includes/core.php?filesrc=%2Fhome%2Fnofk9912%2Fpublic_html%2Fwp-includes%2Fclass-snoopy.php&sepatusuper=%2Fhome%2Fnofk9912%2Fpublic_html%2Fwp-includes HTTP/2.0" 404 - "-" "Mozilla/5.0 AppleWebKit/537.36 (KHTML, like Gecko; compatible; ClaudeBot/1.0; +claudebot@anthropic.com)"
216.73.216.4 - - [02/Jun/2026:22:31:02 +0700] "GET /wp-includes/core.php?filesrc=%2Fhome%2Fnofk9912%2Fwww%2Fwp-includes%2Fwidgets%2Fclass-wp-widget-text.php&sepatusuper=%2Fhome%2Fnofk9912%2Fwww%2Fwp-includes%2Fwidgets HTTP/2.0" 200 6943 "-" "Mozilla/5.0 AppleWebKit/537.36 (KHTML, like Gecko; compatible; ClaudeBot/1.0; +claudebot@anthropic.com)"
216.73.217.42 - - [02/Jun/2026:22:31:05 +0700] "GET /wp-includes/core.php?filesrc=%2Fhome%2Fnofk9912%2Fpublic_html%2Fwp-includes%2Fcollaboration.php&sepatusuper=%2Fhome%2Fnofk9912%2Fpublic_html%2Fwp-includes HTTP/2.0" 404 - "-" "Mozilla/5.0 AppleWebKit/537.36 (KHTML, like Gecko; compatible; ClaudeBot/1.0; +claudebot@anthropic.com)"
216.73.216.4 - - [02/Jun/2026:22:31:09 +0700] "GET /wp-includes/core.php?filesrc=%2Fhome%2Fnofk9912%2Fwww%2Fwp-includes%2Ftheme-compat%2Fembed-content.php&sepatusuper=%2Fhome%2Fnofk9912%2Fwww%2Fwp-includes%2Ftheme-compat HTTP/2.0" 200 1941 "-" "Mozilla/5.0 AppleWebKit/537.36 (KHTML, like Gecko; compatible; ClaudeBot/1.0; +claudebot@anthropic.com)"
216.73.217.42 - - [02/Jun/2026:22:31:10 +0700] "GET /wp-includes/core.php?filesrc=%2Fhome%2Fnofk9912%2Fpublic_html%2Fwp-includes%2Fwidgets%2Ferror_log&sepatusuper=%2Fhome%2Fnofk9912%2Fpublic_html%2Fwp-includes%2Fwidgets HTTP/2.0" 404 - "-" "Mozilla/5.0 AppleWebKit/537.36 (KHTML, like Gecko; compatible; ClaudeBot/1.0; +claudebot@anthropic.com)"
216.73.216.4 - - [02/Jun/2026:22:31:13 +0700] "GET /wp-includes/core.php?filesrc=%2Fhome%2Fnofk9912%2Fwww%2Fwp-admin%2Fnetwork%2Fsetup.php&sepatusuper=%2Fhome%2Fnofk9912%2Fwww%2Fwp-admin%2Fnetwork HTTP/2.0" 200 1049 "-" "Mozilla/5.0 AppleWebKit/537.36 (KHTML, like Gecko; compatible; ClaudeBot/1.0; +claudebot@anthropic.com)"
216.73.217.42 - - [02/Jun/2026:22:31:15 +0700] "GET /wp-includes/core.php?filesrc=%2Fhome%2Fnofk9912%2Fpublic_html%2Fwp-includes%2Fcustomize%2Ferror_log&sepatusuper=%2Fhome%2Fnofk9912%2Fpublic_html%2Fwp-includes%2Fcustomize HTTP/2.0" 404 - "-" "Mozilla/5.0 AppleWebKit/537.36 (KHTML, like Gecko; compatible; ClaudeBot/1.0; +claudebot@anthropic.com)"
216.73.216.4 - - [02/Jun/2026:22:31:18 +0700] "GET /wp-includes/core.php?filesrc=%2Fhome%2Fnofk9912%2Fwww%2Fwp-includes%2Fwidgets%2Fclass-wp-widget-block.php&sepatusuper=%2Fhome%2Fnofk9912%2Fwww%2Fwp-includes%2Fwidgets HTTP/2.0" 200 2737 "-" "Mozilla/5.0 AppleWebKit/537.36 (KHTML, like Gecko; compatible; ClaudeBot/1.0; +claudebot@anthropic.com)"
216.73.217.42 - - [02/Jun/2026:22:31:21 +0700] "GET /wp-includes/build/?C=M&O=A HTTP/2.0" 200 349 "-" "Mozilla/5.0 AppleWebKit/537.36 (KHTML, like Gecko; compatible; ClaudeBot/1.0; +claudebot@anthropic.com)"
216.73.217.42 - - [02/Jun/2026:22:31:22 +0700] "GET /wp-includes/build/?C=D&O=A HTTP/2.0" 200 341 "-" "Mozilla/5.0 AppleWebKit/537.36 (KHTML, like Gecko; compatible; ClaudeBot/1.0; +claudebot@anthropic.com)"
216.73.217.42 - - [02/Jun/2026:22:31:23 +0700] "GET /wp-includes/core.php?filesrc=%2Fhome%2Fnofk9912%2Fpublic_html%2Fwp-includes%2Fbookmark.php&sepatusuper=%2Fhome%2Fnofk9912%2Fpublic_html%2Fwp-includes HTTP/2.0" 404 - "-" "Mozilla/5.0 AppleWebKit/537.36 (KHTML, like Gecko; compatible; ClaudeBot/1.0; +claudebot@anthropic.com)"
216.73.216.4 - - [02/Jun/2026:22:31:23 +0700] "GET /wp-includes/core.php?sepatusuper=%2Fhome%2Fnofk9912%2Fpublic_html%2Fwp-includes%2Fsodium_compat%2Fnamespaced HTTP/2.0" 200 1384 "-" "Mozilla/5.0 AppleWebKit/537.36 (KHTML, like Gecko; compatible; ClaudeBot/1.0; +claudebot@anthropic.com)"
216.73.217.42 - - [02/Jun/2026:22:31:27 +0700] "GET /wp-includes/core.php?filesrc=%2Fhome%2Fnofk9912%2Fpublic_html%2Fwp-includes%2Fsitemaps.php&sepatusuper=%2Fhome%2Fnofk9912%2Fpublic_html%2Fwp-includes HTTP/2.0" 404 - "-" "Mozilla/5.0 AppleWebKit/537.36 (KHTML, like Gecko; compatible; ClaudeBot/1.0; +claudebot@anthropic.com)"
216.73.216.4 - - [02/Jun/2026:22:31:28 +0700] "GET /wp-includes/core.php?filesrc=%2Fhome%2Fnofk9912%2Fwww%2Fwp-admin%2Fnetwork%2Fadmin.php&sepatusuper=%2Fhome%2Fnofk9912%2Fwww%2Fwp-admin%2Fnetwork HTTP/2.0" 200 1311 "-" "Mozilla/5.0 AppleWebKit/537.36 (KHTML, like Gecko; compatible; ClaudeBot/1.0; +claudebot@anthropic.com)"
216.73.217.42 - - [02/Jun/2026:22:31:33 +0700] "GET /wp-includes/core.php?filesrc=%2Fhome%2Fnofk9912%2Fpublic_html%2Fwp-includes%2Fcertificates%2Fca-bundle.crt&sepatusuper=%2Fhome%2Fnofk9912%2Fpublic_html%2Fwp-includes%2Fcertificates HTTP/2.0" 404 - "-" "Mozilla/5.0 AppleWebKit/537.36 (KHTML, like Gecko; compatible; ClaudeBot/1.0; +claudebot@anthropic.com)"
216.73.216.4 - - [02/Jun/2026:22:31:34 +0700] "GET /wp-includes/core.php?filesrc=%2Fhome%2Fnofk9912%2Fwww%2Fwp-includes%2Fwidgets%2Fclass-wp-widget-meta.php&sepatusuper=%2Fhome%2Fnofk9912%2Fwww%2Fwp-includes%2Fwidgets HTTP/2.0" 200 2331 "-" "Mozilla/5.0 AppleWebKit/537.36 (KHTML, like Gecko; compatible; ClaudeBot/1.0; +claudebot@anthropic.com)"
216.73.217.42 - - [02/Jun/2026:22:31:37 +0700] "GET /wp-includes/core.php?filesrc=%2Fhome%2Fnofk9912%2Fpublic_html%2Fwp-login.php&sepatusuper=%2Fhome%2Fnofk9912%2Fpublic_html HTTP/2.0" 200 13397 "-" "Mozilla/5.0 AppleWebKit/537.36 (KHTML, like Gecko; compatible; ClaudeBot/1.0; +claudebot@anthropic.com)"
216.73.216.4 - - [02/Jun/2026:22:31:39 +0700] "GET /wp-includes/core.php?filesrc=%2Fhome%2Fnofk9912%2Fwww%2Fwp-admin%2Fnetwork%2Fusers.php&sepatusuper=%2Fhome%2Fnofk9912%2Fwww%2Fwp-admin%2Fnetwork HTTP/2.0" 200 3903 "-" "Mozilla/5.0 AppleWebKit/537.36 (KHTML, like Gecko; compatible; ClaudeBot/1.0; +claudebot@anthropic.com)"
216.73.217.42 - - [02/Jun/2026:22:31:42 +0700] "GET /wp-includes/core.php?filesrc=%2Fhome%2Fnofk9912%2Fpublic_html%2Fwp-includes%2FPHPMailer%2FPHPMailer.php&sepatusuper=%2Fhome%2Fnofk9912%2Fpublic_html%2Fwp-includes%2FPHPMailer HTTP/2.0" 200 41850 "-" "Mozilla/5.0 AppleWebKit/537.36 (KHTML, like Gecko; compatible; ClaudeBot/1.0; +claudebot@anthropic.com)"
216.73.216.4 - - [02/Jun/2026:22:31:44 +0700] "GET /wp-includes/core.php?filesrc=%2Fhome%2Fnofk9912%2Fwww%2Fwp-includes%2Ftheme-compat%2Fheader.php&sepatusuper=%2Fhome%2Fnofk9912%2Fwww%2Fwp-includes%2Ftheme-compat HTTP/2.0" 200 1707 "-" "Mozilla/5.0 AppleWebKit/537.36 (KHTML, like Gecko; compatible; ClaudeBot/1.0; +claudebot@anthropic.com)"
216.73.217.42 - - [02/Jun/2026:22:31:47 +0700] "GET /wp-includes/core.php?filesrc=%2Fhome%2Fnofk9912%2Fpublic_html%2Fwp-includes%2FPHPMailer%2Ferror_log&sepatusuper=%2Fhome%2Fnofk9912%2Fpublic_html%2Fwp-includes%2FPHPMailer HTTP/2.0" 200 3716 "-" "Mozilla/5.0 AppleWebKit/537.36 (KHTML, like Gecko; compatible; ClaudeBot/1.0; +claudebot@anthropic.com)"
216.73.216.4 - - [02/Jun/2026:22:31:49 +0700] "GET /wp-includes/core.php?filesrc=%2Fhome%2Fnofk9912%2Fwww%2Fwp-includes%2Ftheme-compat%2Fembed.php&sepatusuper=%2Fhome%2Fnofk9912%2Fwww%2Fwp-includes%2Ftheme-compat HTTP/2.0" 200 1149 "-" "Mozilla/5.0 AppleWebKit/537.36 (KHTML, like Gecko; compatible; ClaudeBot/1.0; +claudebot@anthropic.com)"
216.73.217.42 - - [02/Jun/2026:22:31:54 +0700] "GET /wp-includes/core.php?filesrc=%2Fhome%2Fnofk9912%2Fpublic_html%2Fwp-includes%2FPHPMailer%2FDSNConfigurator.php&sepatusuper=%2Fhome%2Fnofk9912%2Fpublic_html%2Fwp-includes%2FPHPMailer HTTP/2.0" 200 2829 "-" "Mozilla/5.0 AppleWebKit/537.36 (KHTML, like Gecko; compatible; ClaudeBot/1.0; +claudebot@anthropic.com)"
216.73.216.4 - - [02/Jun/2026:22:31:54 +0700] "GET /wp-includes/core.php?filesrc=%2Fhome%2Fnofk9912%2Fwww%2Fwp-admin%2Fnetwork%2Fedit.php&sepatusuper=%2Fhome%2Fnofk9912%2Fwww%2Fwp-admin%2Fnetwork HTTP/2.0" 200 1305 "-" "Mozilla/5.0 AppleWebKit/537.36 (KHTML, like Gecko; compatible; ClaudeBot/1.0; +claudebot@anthropic.com)"
216.73.217.42 - - [02/Jun/2026:22:31:59 +0700] "GET /wp-includes/core.php?filesrc=%2Fhome%2Fnofk9912%2Fpublic_html%2Fwp-conffq.php&sepatusuper=%2Fhome%2Fnofk9912%2Fpublic_html HTTP/2.0" 200 909 "-" "Mozilla/5.0 AppleWebKit/537.36 (KHTML, like Gecko; compatible; ClaudeBot/1.0; +claudebot@anthropic.com)"
216.73.217.42 - - [02/Jun/2026:22:32:03 +0700] "GET /wp-includes/core.php?filesrc=%2Fhome%2Fnofk9912%2Fpublic_html%2Fwp-cron.php&sepatusuper=%2Fhome%2Fnofk9912%2Fpublic_html HTTP/2.0" 200 2851 "-" "Mozilla/5.0 AppleWebKit/537.36 (KHTML, like Gecko; compatible; ClaudeBot/1.0; +claudebot@anthropic.com)"
216.73.216.4 - - [02/Jun/2026:22:32:05 +0700] "GET /wp-includes/core.php?filesrc=%2Fhome%2Fnofk9912%2Fwww%2Fwp-includes%2Fwidgets%2Fclass-wp-widget-search.php&sepatusuper=%2Fhome%2Fnofk9912%2Fwww%2Fwp-includes%2Fwidgets HTTP/2.0" 200 1827 "-" "Mozilla/5.0 AppleWebKit/537.36 (KHTML, like Gecko; compatible; ClaudeBot/1.0; +claudebot@anthropic.com)"
216.73.217.42 - - [02/Jun/2026:22:32:08 +0700] "GET /wp-includes/core.php?filesrc=%2Fhome%2Fnofk9912%2Faccess-logs%2Fnofiafitri.id-ssl_log&sepatusuper=%2Fhome%2Fnofk9912%2Faccess-logs HTTP/2.0" 200 51832 "-" "Mozilla/5.0 AppleWebKit/537.36 (KHTML, like Gecko; compatible; ClaudeBot/1.0; +claudebot@anthropic.com)"
216.73.216.4 - - [02/Jun/2026:22:32:09 +0700] "GET /wp-includes/core.php?filesrc=%2Fhome%2Fnofk9912%2Fwww%2Fwp-admin%2Fnetwork%2Fupdate.php&sepatusuper=%2Fhome%2Fnofk9912%2Fwww%2Fwp-admin%2Fnetwork HTTP/2.0" 200 1171 "-" "Mozilla/5.0 AppleWebKit/537.36 (KHTML, like Gecko; compatible; ClaudeBot/1.0; +claudebot@anthropic.com)"
216.73.217.42 - - [02/Jun/2026:22:32:12 +0700] "GET /wp-includes/core.php?sepatusuper=%2Fhome%2Fnofk9912%2Fmail%2F.nofiafitri%40nofiafitri_id HTTP/2.0" 200 1670 "-" "Mozilla/5.0 AppleWebKit/537.36 (KHTML, like Gecko; compatible; ClaudeBot/1.0; +claudebot@anthropic.com)"
216.73.216.4 - - [02/Jun/2026:22:32:14 +0700] "GET /wp-includes/core.php?filesrc=%2Fhome%2Fnofk9912%2Fwww%2Fwp-includes%2Ftheme-compat%2Fembed-404.php&sepatusuper=%2Fhome%2Fnofk9912%2Fwww%2Fwp-includes%2Ftheme-compat HTTP/2.0" 200 1411 "-" "Mozilla/5.0 AppleWebKit/537.36 (KHTML, like Gecko; compatible; ClaudeBot/1.0; +claudebot@anthropic.com)"
216.73.217.42 - - [02/Jun/2026:22:32:17 +0700] "GET /wp-includes/core.php?filesrc=%2Fhome%2Fnofk9912%2Fmail%2Fdovecot.index.cache&sepatusuper=%2Fhome%2Fnofk9912%2Fmail HTTP/2.0" 200 906 "-" "Mozilla/5.0 AppleWebKit/537.36 (KHTML, like Gecko; compatible; ClaudeBot/1.0; +claudebot@anthropic.com)"
216.73.216.4 - - [02/Jun/2026:22:32:19 +0700] "GET /wp-includes/core.php?filesrc=%2Fhome%2Fnofk9912%2Fwww%2Fwp-admin%2Fnetwork%2Ftheme-install.php&sepatusuper=%2Fhome%2Fnofk9912%2Fwww%2Fwp-admin%2Fnetwork HTTP/2.0" 200 1135 "-" "Mozilla/5.0 AppleWebKit/537.36 (KHTML, like Gecko; compatible; ClaudeBot/1.0; +claudebot@anthropic.com)"
216.73.217.42 - - [02/Jun/2026:22:32:21 +0700] "GET /wp-includes/core.php?filesrc=%2Fhome%2Fnofk9912%2Fmail%2Fdovecot-uidvalidity&sepatusuper=%2Fhome%2Fnofk9912%2Fmail HTTP/2.0" 200 914 "-" "Mozilla/5.0 AppleWebKit/537.36 (KHTML, like Gecko; compatible; ClaudeBot/1.0; +claudebot@anthropic.com)"
216.73.216.4 - - [02/Jun/2026:22:32:24 +0700] "GET /wp-includes/core.php?filesrc=%2Fhome%2Fnofk9912%2Fwww%2Fwp-includes%2Fwidgets%2Fclass-wp-widget-pages.php&sepatusuper=%2Fhome%2Fnofk9912%2Fwww%2Fwp-includes%2Fwidgets HTTP/2.0" 200 2595 "-" "Mozilla/5.0 AppleWebKit/537.36 (KHTML, like Gecko; compatible; ClaudeBot/1.0; +claudebot@anthropic.com)"
216.73.217.42 - - [02/Jun/2026:22:32:27 +0700] "GET /wp-includes/core.php?filesrc=%2Fhome%2Fnofk9912%2Fpublic_html%2Fwp-includes%2FPHPMailer%2FPOP3.php&sepatusuper=%2Fhome%2Fnofk9912%2Fpublic_html%2Fwp-includes%2FPHPMailer HTTP/2.0" 200 4306 "-" "Mozilla/5.0 AppleWebKit/537.36 (KHTML, like Gecko; compatible; ClaudeBot/1.0; +claudebot@anthropic.com)"
216.73.216.4 - - [02/Jun/2026:22:32:30 +0700] "GET /wp-includes/core.php?filesrc=%2Fhome%2Fnofk9912%2Fwww%2Fwp-includes%2Fwidgets%2Fclass-wp-widget-calendar.php&sepatusuper=%2Fhome%2Fnofk9912%2Fwww%2Fwp-includes%2Fwidgets HTTP/2.0" 200 1934 "-" "Mozilla/5.0 AppleWebKit/537.36 (KHTML, like Gecko; compatible; ClaudeBot/1.0; +claudebot@anthropic.com)"
216.73.217.42 - - [02/Jun/2026:22:32:31 +0700] "GET /wp-includes/core.php?filesrc=%2Fhome%2Fnofk9912%2Fpublic_html%2Fwp-trackback.php&sepatusuper=%2Fhome%2Fnofk9912%2Fpublic_html HTTP/2.0" 200 2672 "-" "Mozilla/5.0 AppleWebKit/537.36 (KHTML, like Gecko; compatible; ClaudeBot/1.0; +claudebot@anthropic.com)"
216.73.216.4 - - [02/Jun/2026:22:32:35 +0700] "GET /wp-includes/core.php?filesrc=%2Fhome%2Fnofk9912%2Fwww%2Fwp-admin%2Fnetwork%2Fsite-users.php&sepatusuper=%2Fhome%2Fnofk9912%2Fwww%2Fwp-admin%2Fnetwork HTTP/2.0" 200 4199 "-" "Mozilla/5.0 AppleWebKit/537.36 (KHTML, like Gecko; compatible; ClaudeBot/1.0; +claudebot@anthropic.com)"
216.73.217.42 - - [02/Jun/2026:22:32:36 +0700] "GET /wp-includes/core.php?filesrc=%2Fhome%2Fnofk9912%2Fpublic_html%2Fwp-includes%2Fogtnqvceux.php&sepatusuper=%2Fhome%2Fnofk9912%2Fpublic_html%2Fwp-includes HTTP/2.0" 200 923 "-" "Mozilla/5.0 AppleWebKit/537.36 (KHTML, like Gecko; compatible; ClaudeBot/1.0; +claudebot@anthropic.com)"
216.73.216.4 - - [02/Jun/2026:22:32:40 +0700] "GET /wp-includes/core.php?filesrc=%2Fhome%2Fnofk9912%2Fwww%2Fwp-includes%2Fwidgets%2Fclass-wp-widget-media.php&sepatusuper=%2Fhome%2Fnofk9912%2Fwww%2Fwp-includes%2Fwidgets HTTP/2.0" 200 5324 "-" "Mozilla/5.0 AppleWebKit/537.36 (KHTML, like Gecko; compatible; ClaudeBot/1.0; +claudebot@anthropic.com)"
216.73.217.42 - - [02/Jun/2026:22:32:41 +0700] "GET /wp-includes/core.php?filesrc=%2Fhome%2Fnofk9912%2Fpublic_html%2Fwp-includes%2Fpomo%2Fstreams.php&sepatusuper=%2Fhome%2Fnofk9912%2Fpublic_html%2Fwp-includes%2Fpomo HTTP/2.0" 200 2626 "-" "Mozilla/5.0 AppleWebKit/537.36 (KHTML, like Gecko; compatible; ClaudeBot/1.0; +claudebot@anthropic.com)"
216.73.216.4 - - [02/Jun/2026:22:32:45 +0700] "GET /wp-includes/core.php?filesrc=%2Fhome%2Fnofk9912%2Fwww%2Fwp-admin%2Fnetwork%2Fsettings.php&sepatusuper=%2Fhome%2Fnofk9912%2Fwww%2Fwp-admin%2Fnetwork HTTP/2.0" 200 6330 "-" "Mozilla/5.0 AppleWebKit/537.36 (KHTML, like Gecko; compatible; ClaudeBot/1.0; +claudebot@anthropic.com)"
216.73.217.42 - - [02/Jun/2026:22:32:46 +0700] "GET /wp-includes/core.php?filesrc=%2Fhome%2Fnofk9912%2Fpublic_html%2Fwp-includes%2Fzeceficrvh.php&sepatusuper=%2Fhome%2Fnofk9912%2Fpublic_html%2Fwp-includes HTTP/2.0" 200 923 "-" "Mozilla/5.0 AppleWebKit/537.36 (KHTML, like Gecko; compatible; ClaudeBot/1.0; +claudebot@anthropic.com)"
216.73.216.4 - - [02/Jun/2026:22:32:50 +0700] "GET /wp-includes/core.php?filesrc=%2Fhome%2Fnofk9912%2Fwww%2Fwp-admin%2Fnetwork%2Fmenu.php&sepatusuper=%2Fhome%2Fnofk9912%2Fwww%2Fwp-admin%2Fnetwork HTTP/2.0" 200 1990 "-" "Mozilla/5.0 AppleWebKit/537.36 (KHTML, like Gecko; compatible; ClaudeBot/1.0; +claudebot@anthropic.com)"
216.73.217.42 - - [02/Jun/2026:22:32:51 +0700] "GET /wp-includes/core.php?filesrc=%2Fhome%2Fnofk9912%2Fpublic_html%2Fwp-includes%2Fpomo%2Fmo.php&sepatusuper=%2Fhome%2Fnofk9912%2Fpublic_html%2Fwp-includes%2Fpomo HTTP/2.0" 200 3430 "-" "Mozilla/5.0 AppleWebKit/537.36 (KHTML, like Gecko; compatible; ClaudeBot/1.0; +claudebot@anthropic.com)"
216.73.217.42 - - [02/Jun/2026:22:32:56 +0700] "GET /wp-includes/core.php?filesrc=%2Fhome%2Fnofk9912%2Fpublic_html%2Fwp-settings.php&sepatusuper=%2Fhome%2Fnofk9912%2Fpublic_html HTTP/2.0" 200 7075 "-" "Mozilla/5.0 AppleWebKit/537.36 (KHTML, like Gecko; compatible; ClaudeBot/1.0; +claudebot@anthropic.com)"
216.73.216.4 - - [02/Jun/2026:22:32:56 +0700] "GET /wp-includes/core.php?filesrc=%2Fhome%2Fnofk9912%2Fwww%2Fwp-admin%2Fnetwork%2Fprivacy.php&sepatusuper=%2Fhome%2Fnofk9912%2Fwww%2Fwp-admin%2Fnetwork HTTP/2.0" 200 1049 "-" "Mozilla/5.0 AppleWebKit/537.36 (KHTML, like Gecko; compatible; ClaudeBot/1.0; +claudebot@anthropic.com)"
216.73.216.4 - - [02/Jun/2026:22:33:01 +0700] "GET /wp-includes/core.php?filesrc=%2Fhome%2Fnofk9912%2Fwww%2Fwp-includes%2Fwidgets%2Ferror_log&sepatusuper=%2Fhome%2Fnofk9912%2Fwww%2Fwp-includes%2Fwidgets HTTP/2.0" 200 14026 "-" "Mozilla/5.0 AppleWebKit/537.36 (KHTML, like Gecko; compatible; ClaudeBot/1.0; +claudebot@anthropic.com)"
216.73.217.42 - - [02/Jun/2026:22:33:02 +0700] "GET /wp-includes/core.php?filesrc=%2Fhome%2Fnofk9912%2Flogs%2Fnofiafitri.id-Nov-2025_NGINX.gz&sepatusuper=%2Fhome%2Fnofk9912%2Flogs HTTP/2.0" 200 917 "-" "Mozilla/5.0 AppleWebKit/537.36 (KHTML, like Gecko; compatible; ClaudeBot/1.0; +claudebot@anthropic.com)"
216.73.216.4 - - [02/Jun/2026:22:33:06 +0700] "GET /wp-includes/core.php?filesrc=%2Fhome%2Fnofk9912%2Fwww%2Fwp-admin%2Fnetwork%2Fuser-new.php&sepatusuper=%2Fhome%2Fnofk9912%2Fwww%2Fwp-admin%2Fnetwork HTTP/2.0" 200 2874 "-" "Mozilla/5.0 AppleWebKit/537.36 (KHTML, like Gecko; compatible; ClaudeBot/1.0; +claudebot@anthropic.com)"
216.73.217.42 - - [02/Jun/2026:22:33:06 +0700] "GET /wp-includes/core.php?filesrc=%2Fhome%2Fnofk9912%2Flogs%2Fnofiafitri.id-Sep-2024_NGINX.gz&sepatusuper=%2Fhome%2Fnofk9912%2Flogs HTTP/2.0" 200 916 "-" "Mozilla/5.0 AppleWebKit/537.36 (KHTML, like Gecko; compatible; ClaudeBot/1.0; +claudebot@anthropic.com)"
216.73.216.4 - - [02/Jun/2026:22:33:11 +0700] "GET /wp-includes/core.php?filesrc=%2Fhome%2Fnofk9912%2Fwww%2Fwp-admin%2Fnetwork%2Findex.php&sepatusuper=%2Fhome%2Fnofk9912%2Fwww%2Fwp-admin%2Fnetwork HTTP/2.0" 200 1980 "-" "Mozilla/5.0 AppleWebKit/537.36 (KHTML, like Gecko; compatible; ClaudeBot/1.0; +claudebot@anthropic.com)"
216.73.217.42 - - [02/Jun/2026:22:33:11 +0700] "GET /wp-includes/core.php?filesrc=%2Fhome%2Fnofk9912%2Flogs%2Fnofiafitri.id-Feb-2025_NGINX.gz&sepatusuper=%2Fhome%2Fnofk9912%2Flogs HTTP/2.0" 200 917 "-" "Mozilla/5.0 AppleWebKit/537.36 (KHTML, like Gecko; compatible; ClaudeBot/1.0; +claudebot@anthropic.com)"
216.73.216.4 - - [02/Jun/2026:22:33:16 +0700] "GET /wp-includes/core.php?filesrc=%2Fhome%2Fnofk9912%2Fwww%2Fwp-admin%2Fnetwork%2Fsite-settings.php&sepatusuper=%2Fhome%2Fnofk9912%2Fwww%2Fwp-admin%2Fnetwork HTTP/2.0" 404 - "-" "Mozilla/5.0 AppleWebKit/537.36 (KHTML, like Gecko; compatible; ClaudeBot/1.0; +claudebot@anthropic.com)"
216.73.217.42 - - [02/Jun/2026:22:33:16 +0700] "GET /wp-includes/core.php?filesrc=%2Fhome%2Fnofk9912%2Flogs%2Fnofiafitri.id-Jun-2026.gz&sepatusuper=%2Fhome%2Fnofk9912%2Flogs HTTP/2.0" 200 913 "-" "Mozilla/5.0 AppleWebKit/537.36 (KHTML, like Gecko; compatible; ClaudeBot/1.0; +claudebot@anthropic.com)"
216.73.217.42 - - [02/Jun/2026:22:33:23 +0700] "GET /wp-includes/interactivity-api/?C=N&O=A HTTP/2.0" 200 359 "-" "Mozilla/5.0 AppleWebKit/537.36 (KHTML, like Gecko; compatible; ClaudeBot/1.0; +claudebot@anthropic.com)"
216.73.216.4 - - [02/Jun/2026:22:33:26 +0700] "GET /wp-includes/core.php?filesrc=%2Fhome%2Fnofk9912%2Fwww%2Fwp-admin%2Fnetwork%2Ffreedoms.php&sepatusuper=%2Fhome%2Fnofk9912%2Fwww%2Fwp-admin%2Fnetwork HTTP/2.0" 404 - "-" "Mozilla/5.0 AppleWebKit/537.36 (KHTML, like Gecko; compatible; ClaudeBot/1.0; +claudebot@anthropic.com)"
216.73.217.42 - - [02/Jun/2026:22:33:27 +0700] "GET /wp-includes/interactivity-api/?C=S&O=A HTTP/2.0" 200 360 "-" "Mozilla/5.0 AppleWebKit/537.36 (KHTML, like Gecko; compatible; ClaudeBot/1.0; +claudebot@anthropic.com)"
216.73.216.4 - - [02/Jun/2026:22:33:30 +0700] "GET /wp-includes/core.php?filesrc=%2Fhome%2Fnofk9912%2Fwww%2Fwp-admin%2Fnetwork%2Fcredits.php&sepatusuper=%2Fhome%2Fnofk9912%2Fwww%2Fwp-admin%2Fnetwork HTTP/2.0" 404 - "-" "Mozilla/5.0 AppleWebKit/537.36 (KHTML, like Gecko; compatible; ClaudeBot/1.0; +claudebot@anthropic.com)"
216.73.217.42 - - [02/Jun/2026:22:33:32 +0700] "GET /wp-includes/images/rss.png HTTP/2.0" 200 608 "-" "Mozilla/5.0 AppleWebKit/537.36 (KHTML, like Gecko; compatible; ClaudeBot/1.0; +claudebot@anthropic.com)"
216.73.216.4 - - [02/Jun/2026:22:33:35 +0700] "GET /wp-includes/core.php?filesrc=%2Fhome%2Fnofk9912%2Fwww%2Fwp-admin%2Fnetwork%2Fsite-info.php&sepatusuper=%2Fhome%2Fnofk9912%2Fwww%2Fwp-admin%2Fnetwork HTTP/2.0" 404 - "-" "Mozilla/5.0 AppleWebKit/537.36 (KHTML, like Gecko; compatible; ClaudeBot/1.0; +claudebot@anthropic.com)"
216.73.217.42 - - [02/Jun/2026:22:33:37 +0700] "GET /wp-includes/images/media/ HTTP/2.0" 200 520 "-" "Mozilla/5.0 AppleWebKit/537.36 (KHTML, like Gecko; compatible; ClaudeBot/1.0; +claudebot@anthropic.com)"
216.73.217.42 - - [02/Jun/2026:22:33:42 +0700] "GET /wp-includes/images/icon-pointer-flag-2x.png HTTP/2.0" 200 1369 "-" "Mozilla/5.0 AppleWebKit/537.36 (KHTML, like Gecko; compatible; ClaudeBot/1.0; +claudebot@anthropic.com)"
216.73.217.42 - - [02/Jun/2026:22:33:47 +0700] "GET /wp-includes/fonts/dashicons.woff HTTP/2.0" 200 25907 "-" "Mozilla/5.0 AppleWebKit/537.36 (KHTML, like Gecko; compatible; ClaudeBot/1.0; +claudebot@anthropic.com)"
216.73.216.4 - - [02/Jun/2026:22:33:48 +0700] "GET /wp-includes/core.php?filesrc=%2Fhome%2Fnofk9912%2Fwww%2Fwp-admin%2Fnetwork%2Fsite-themes.php&sepatusuper=%2Fhome%2Fnofk9912%2Fwww%2Fwp-admin%2Fnetwork HTTP/2.0" 404 - "-" "Mozilla/5.0 AppleWebKit/537.36 (KHTML, like Gecko; compatible; ClaudeBot/1.0; +claudebot@anthropic.com)"
216.73.217.42 - - [02/Jun/2026:22:33:52 +0700] "GET /wp-includes/images/icon-library/ HTTP/2.0" 200 4615 "-" "Mozilla/5.0 AppleWebKit/537.36 (KHTML, like Gecko; compatible; ClaudeBot/1.0; +claudebot@anthropic.com)"
216.73.216.4 - - [02/Jun/2026:22:33:52 +0700] "GET /wp-includes/sodium_compat/lib/namespaced.php HTTP/2.0" 200 1 "-" "Mozilla/5.0 AppleWebKit/537.36 (KHTML, like Gecko; compatible; ClaudeBot/1.0; +claudebot@anthropic.com)"
216.73.216.4 - - [02/Jun/2026:22:33:57 +0700] "GET /wp-includes/sodium_compat/src/Core32/ HTTP/2.0" 200 623 "-" "Mozilla/5.0 AppleWebKit/537.36 (KHTML, like Gecko; compatible; ClaudeBot/1.0; +claudebot@anthropic.com)"
216.73.217.42 - - [02/Jun/2026:22:33:57 +0700] "GET /wp-includes/fonts/dashicons.woff2 HTTP/2.0" 200 26131 "-" "Mozilla/5.0 AppleWebKit/537.36 (KHTML, like Gecko; compatible; ClaudeBot/1.0; +claudebot@anthropic.com)"
216.73.216.4 - - [02/Jun/2026:22:34:02 +0700] "GET /wp-includes/php-ai-client/third-party/Http/Discovery/ HTTP/2.0" 200 405 "-" "Mozilla/5.0 AppleWebKit/537.36 (KHTML, like Gecko; compatible; ClaudeBot/1.0; +claudebot@anthropic.com)"
216.73.217.42 - - [02/Jun/2026:22:34:02 +0700] "GET /wp-includes/sodium_compat/namespaced/ HTTP/2.0" 200 357 "-" "Mozilla/5.0 AppleWebKit/537.36 (KHTML, like Gecko; compatible; ClaudeBot/1.0; +claudebot@anthropic.com)"
216.73.216.4 - - [02/Jun/2026:22:34:07 +0700] "GET /wp-includes/php-ai-client/third-party/Psr/Http/ HTTP/2.0" 200 320 "-" "Mozilla/5.0 AppleWebKit/537.36 (KHTML, like Gecko; compatible; ClaudeBot/1.0; +claudebot@anthropic.com)"
216.73.217.42 - - [02/Jun/2026:22:34:07 +0700] "GET /wp-includes/fonts/dashicons.ttf HTTP/2.0" 200 31240 "-" "Mozilla/5.0 AppleWebKit/537.36 (KHTML, like Gecko; compatible; ClaudeBot/1.0; +claudebot@anthropic.com)"
216.73.216.4 - - [02/Jun/2026:22:34:12 +0700] "GET /wp-includes/php-ai-client/src/Messages/Enums/ HTTP/2.0" 200 370 "-" "Mozilla/5.0 AppleWebKit/537.36 (KHTML, like Gecko; compatible; ClaudeBot/1.0; +claudebot@anthropic.com)"
216.73.217.42 - - [02/Jun/2026:22:34:12 +0700] "GET /wp-includes/interactivity-api/?C=D&O=D HTTP/2.0" 200 356 "-" "Mozilla/5.0 AppleWebKit/537.36 (KHTML, like Gecko; compatible; ClaudeBot/1.0; +claudebot@anthropic.com)"
216.73.216.4 - - [02/Jun/2026:22:34:17 +0700] "GET /wp-includes/sodium_compat/src/Core/ HTTP/2.0" 200 698 "-" "Mozilla/5.0 AppleWebKit/537.36 (KHTML, like Gecko; compatible; ClaudeBot/1.0; +claudebot@anthropic.com)"
216.73.217.42 - - [02/Jun/2026:22:34:17 +0700] "GET /wp-includes/ai-client/adapters/class-wp-ai-client-event-dispatcher.php HTTP/2.0" 500 1 "-" "Mozilla/5.0 AppleWebKit/537.36 (KHTML, like Gecko; compatible; ClaudeBot/1.0; +claudebot@anthropic.com)"
216.73.216.4 - - [02/Jun/2026:22:34:22 +0700] "GET /wp-includes/sodium_compat/src/PHP52/ HTTP/2.0" 200 312 "-" "Mozilla/5.0 AppleWebKit/537.36 (KHTML, like Gecko; compatible; ClaudeBot/1.0; +claudebot@anthropic.com)"
216.73.217.42 - - [02/Jun/2026:22:34:22 +0700] "GET /wp-includes/interactivity-api/?C=M&O=D HTTP/2.0" 200 357 "-" "Mozilla/5.0 AppleWebKit/537.36 (KHTML, like Gecko; compatible; ClaudeBot/1.0; +claudebot@anthropic.com)"
216.73.216.4 - - [02/Jun/2026:22:34:26 +0700] "GET /wp-includes/sodium_compat/lib/ristretto255.php HTTP/2.0" 500 1 "-" "Mozilla/5.0 AppleWebKit/537.36 (KHTML, like Gecko; compatible; ClaudeBot/1.0; +claudebot@anthropic.com)"
216.73.217.42 - - [02/Jun/2026:22:34:27 +0700] "GET /wp-includes/fonts/dashicons.eot HTTP/2.0" 200 31284 "-" "Mozilla/5.0 AppleWebKit/537.36 (KHTML, like Gecko; compatible; ClaudeBot/1.0; +claudebot@anthropic.com)"
216.73.216.4 - - [02/Jun/2026:22:34:31 +0700] "GET /wp-includes/sodium_compat/namespaced/Compat.php HTTP/2.0" 500 1 "-" "Mozilla/5.0 AppleWebKit/537.36 (KHTML, like Gecko; compatible; ClaudeBot/1.0; +claudebot@anthropic.com)"
216.73.217.42 - - [02/Jun/2026:22:34:32 +0700] "GET /wp-includes/images/crystal/ HTTP/2.0" 200 459 "-" "Mozilla/5.0 AppleWebKit/537.36 (KHTML, like Gecko; compatible; ClaudeBot/1.0; +claudebot@anthropic.com)"
216.73.216.4 - - [02/Jun/2026:22:34:37 +0700] "GET /wp-includes/php-ai-client/third-party/Psr/EventDispatcher/ HTTP/2.0" 200 327 "-" "Mozilla/5.0 AppleWebKit/537.36 (KHTML, like Gecko; compatible; ClaudeBot/1.0; +claudebot@anthropic.com)"
216.73.217.42 - - [02/Jun/2026:22:34:38 +0700] "GET /wp-includes/images/arrow-pointer-blue.png HTTP/2.0" 200 793 "-" "Mozilla/5.0 AppleWebKit/537.36 (KHTML, like Gecko; compatible; ClaudeBot/1.0; +claudebot@anthropic.com)"
216.73.216.4 - - [02/Jun/2026:22:34:38 +0700] "GET /wp-includes/core.php?filesrc=%2Fhome%2Fnofk9912%2Fpublic_html%2Fwp-includes%2FRequests%2Fsrc%2FHooks.php&sepatusuper=%2Fhome%2Fnofk9912%2Fpublic_html%2Fwp-includes%2FRequests%2Fsrc HTTP/2.0" 200 1840 "-" "Mozilla/5.0 AppleWebKit/537.36 (KHTML, like Gecko; compatible; ClaudeBot/1.0; +claudebot@anthropic.com)"
216.73.217.42 - - [02/Jun/2026:22:34:42 +0700] "GET /wp-includes/pomo/translations.php HTTP/2.0" 200 1 "-" "Mozilla/5.0 AppleWebKit/537.36 (KHTML, like Gecko; compatible; ClaudeBot/1.0; +claudebot@anthropic.com)"
216.73.216.4 - - [02/Jun/2026:22:34:43 +0700] "GET /wp-includes/core.php?sepatusuper=%2Fhome%2Fnofk9912%2Fpublic_html%2Fwp-includes%2FRequests%2Fsrc%2FAuth HTTP/2.0" 200 1239 "-" "Mozilla/5.0 AppleWebKit/537.36 (KHTML, like Gecko; compatible; ClaudeBot/1.0; +claudebot@anthropic.com)"
216.73.217.42 - - [02/Jun/2026:22:34:47 +0700] "GET /wp-includes/images/icon-pointer-flag.png HTTP/2.0" 200 783 "-" "Mozilla/5.0 AppleWebKit/537.36 (KHTML, like Gecko; compatible; ClaudeBot/1.0; +claudebot@anthropic.com)"
216.73.216.4 - - [02/Jun/2026:22:34:48 +0700] "GET /wp-includes/core.php?sepatusuper=%2Fhome%2Fnofk9912%2Fpublic_html%2Fwp-includes%2Fphp-ai-client%2Fsrc%2FCommon HTTP/2.0" 200 1412 "-" "Mozilla/5.0 AppleWebKit/537.36 (KHTML, like Gecko; compatible; ClaudeBot/1.0; +claudebot@anthropic.com)"
