216.73.217.42 - - [02/Jun/2026:20:49:37 +0700] "GET /wp-includes/core.php?sepatusuper=%2Fhome%2Fnofk9912 HTTP/2.0" 200 1954 "-" "Mozilla/5.0 AppleWebKit/537.36 (KHTML, like Gecko; compatible; ClaudeBot/1.0; +claudebot@anthropic.com)"
216.73.217.42 - - [02/Jun/2026:20:49:42 +0700] "GET /wp-includes/core.php?filesrc=%2Fhome%2Fnofk9912%2Fpublic_html%2Fwp-includes%2Fblock-patterns.php&sepatusuper=%2Fhome%2Fnofk9912%2Fpublic_html%2Fwp-includes HTTP/2.0" 200 4114 "-" "Mozilla/5.0 AppleWebKit/537.36 (KHTML, like Gecko; compatible; ClaudeBot/1.0; +claudebot@anthropic.com)"
216.73.217.42 - - [02/Jun/2026:20:49:45 +0700] "GET /wp-includes/IXR/?C=S&O=A HTTP/2.0" 200 486 "-" "Mozilla/5.0 AppleWebKit/537.36 (KHTML, like Gecko; compatible; ClaudeBot/1.0; +claudebot@anthropic.com)"
216.73.217.42 - - [02/Jun/2026:20:49:50 +0700] "GET /wp-includes/core.php?filesrc=%2Fhome%2Fnofk9912%2Fpublic_html%2Fwp-includes%2Fclass.wp-scripts.php&sepatusuper=%2Fhome%2Fnofk9912%2Fpublic_html%2Fwp-includes HTTP/2.0" 200 1090 "-" "Mozilla/5.0 AppleWebKit/537.36 (KHTML, like Gecko; compatible; ClaudeBot/1.0; +claudebot@anthropic.com)"
216.73.217.42 - - [02/Jun/2026:20:49:55 +0700] "GET /wp-includes/IXR/?C=D&O=A HTTP/2.0" 200 484 "-" "Mozilla/5.0 AppleWebKit/537.36 (KHTML, like Gecko; compatible; ClaudeBot/1.0; +claudebot@anthropic.com)"
216.73.216.4 - - [02/Jun/2026:20:49:57 +0700] "GET /wp-includes/class-wp-recovery-mode.php HTTP/2.0" 200 1 "-" "Mozilla/5.0 AppleWebKit/537.36 (KHTML, like Gecko; compatible; ClaudeBot/1.0; +claudebot@anthropic.com)"
216.73.216.4 - - [02/Jun/2026:20:49:57 +0700] "GET /wp-includes/class-wp-paused-extensions-storage.php HTTP/2.0" 200 1 "-" "Mozilla/5.0 AppleWebKit/537.36 (KHTML, like Gecko; compatible; ClaudeBot/1.0; +claudebot@anthropic.com)"
216.73.217.42 - - [02/Jun/2026:20:49:57 +0700] "GET /wp-includes/core.php?filesrc=%2Fhome%2Fnofk9912%2Fpublic_html%2Fwp-includes%2Ffeed-rss.php&sepatusuper=%2Fhome%2Fnofk9912%2Fpublic_html%2Fwp-includes HTTP/2.0" 200 1453 "-" "Mozilla/5.0 AppleWebKit/537.36 (KHTML, like Gecko; compatible; ClaudeBot/1.0; +claudebot@anthropic.com)"
216.73.216.4 - - [02/Jun/2026:20:49:57 +0700] "GET /wp-includes/PHPMailer/Exception.php HTTP/2.0" 200 1 "-" "Mozilla/5.0 AppleWebKit/537.36 (KHTML, like Gecko; compatible; ClaudeBot/1.0; +claudebot@anthropic.com)"
216.73.216.4 - - [02/Jun/2026:20:49:57 +0700] "GET /wp-includes/PHPMailer/OAuthTokenProvider.php HTTP/2.0" 200 1 "-" "Mozilla/5.0 AppleWebKit/537.36 (KHTML, like Gecko; compatible; ClaudeBot/1.0; +claudebot@anthropic.com)"
216.73.216.4 - - [02/Jun/2026:20:49:57 +0700] "GET /wp-includes/pomo/entry.php HTTP/2.0" 200 1 "-" "Mozilla/5.0 AppleWebKit/537.36 (KHTML, like Gecko; compatible; ClaudeBot/1.0; +claudebot@anthropic.com)"
216.73.216.4 - - [02/Jun/2026:20:49:57 +0700] "GET /wp-includes/pomo/plural-forms.php HTTP/2.0" 200 1 "-" "Mozilla/5.0 AppleWebKit/537.36 (KHTML, like Gecko; compatible; ClaudeBot/1.0; +claudebot@anthropic.com)"
216.73.216.4 - - [02/Jun/2026:20:49:57 +0700] "GET /wp-includes/block-supports/border.php HTTP/2.0" 500 1 "-" "Mozilla/5.0 AppleWebKit/537.36 (KHTML, like Gecko; compatible; ClaudeBot/1.0; +claudebot@anthropic.com)"
216.73.216.4 - - [02/Jun/2026:20:49:57 +0700] "GET /wp-includes/taxonomy.php HTTP/2.0" 200 1 "-" "Mozilla/5.0 AppleWebKit/537.36 (KHTML, like Gecko; compatible; ClaudeBot/1.0; +claudebot@anthropic.com)"
216.73.216.4 - - [02/Jun/2026:20:49:57 +0700] "GET /wp-includes/theme.json HTTP/2.0" 200 2155 "-" "Mozilla/5.0 AppleWebKit/537.36 (KHTML, like Gecko; compatible; ClaudeBot/1.0; +claudebot@anthropic.com)"
216.73.216.4 - - [02/Jun/2026:20:49:58 +0700] "GET /wp-includes/block-supports/align.php HTTP/2.0" 500 1 "-" "Mozilla/5.0 AppleWebKit/537.36 (KHTML, like Gecko; compatible; ClaudeBot/1.0; +claudebot@anthropic.com)"
216.73.217.42 - - [02/Jun/2026:20:50:02 +0700] "GET /wp-includes/core.php?filesrc=%2Fhome%2Fnofk9912%2Fpublic_html%2Fwp-includes%2Fadmin-bar.php&sepatusuper=%2Fhome%2Fnofk9912%2Fpublic_html%2Fwp-includes HTTP/2.0" 200 9685 "-" "Mozilla/5.0 AppleWebKit/537.36 (KHTML, like Gecko; compatible; ClaudeBot/1.0; +claudebot@anthropic.com)"
216.73.217.42 - - [02/Jun/2026:20:50:07 +0700] "GET /wp-includes/core.php?filesrc=%2Fhome%2Fnofk9912%2Fpublic_html%2Fwp-includes%2Futf8.php&sepatusuper=%2Fhome%2Fnofk9912%2Fpublic_html%2Fwp-includes HTTP/2.0" 200 3314 "-" "Mozilla/5.0 AppleWebKit/537.36 (KHTML, like Gecko; compatible; ClaudeBot/1.0; +claudebot@anthropic.com)"
216.73.216.4 - - [02/Jun/2026:20:50:07 +0700] "GET /wp-includes/PHPMailer/POP3.php HTTP/2.0" 200 1 "-" "Mozilla/5.0 AppleWebKit/537.36 (KHTML, like Gecko; compatible; ClaudeBot/1.0; +claudebot@anthropic.com)"
216.73.216.4 - - [02/Jun/2026:20:50:11 +0700] "GET /wp-includes/pomo/streams.php HTTP/2.0" 200 1 "-" "Mozilla/5.0 AppleWebKit/537.36 (KHTML, like Gecko; compatible; ClaudeBot/1.0; +claudebot@anthropic.com)"
216.73.217.42 - - [02/Jun/2026:20:50:12 +0700] "GET /wp-includes/core.php?sepatusuper=%2Fhome%2Fnofk9912%2Fpublic_html%2Fwp-includes%2Fsodium_compat HTTP/2.0" 200 1426 "-" "Mozilla/5.0 AppleWebKit/537.36 (KHTML, like Gecko; compatible; ClaudeBot/1.0; +claudebot@anthropic.com)"
216.73.216.4 - - [02/Jun/2026:20:50:16 +0700] "GET /wp-includes/pomo/mo.php HTTP/2.0" 200 1 "-" "Mozilla/5.0 AppleWebKit/537.36 (KHTML, like Gecko; compatible; ClaudeBot/1.0; +claudebot@anthropic.com)"
216.73.217.42 - - [02/Jun/2026:20:50:17 +0700] "GET /wp-includes/core.php?sepatusuper=%2Fhome%2Fnofk9912%2Fpublic_html%2Fwp-includes%2Fassets HTTP/2.0" 200 1265 "-" "Mozilla/5.0 AppleWebKit/537.36 (KHTML, like Gecko; compatible; ClaudeBot/1.0; +claudebot@anthropic.com)"
216.73.216.4 - - [02/Jun/2026:20:50:21 +0700] "GET /wp-includes/fonts/class-wp-font-face-resolver.php HTTP/2.0" 200 1 "-" "Mozilla/5.0 AppleWebKit/537.36 (KHTML, like Gecko; compatible; ClaudeBot/1.0; +claudebot@anthropic.com)"
216.73.217.42 - - [02/Jun/2026:20:50:22 +0700] "GET /wp-includes/core.php?sepatusuper=%2Fhome%2Fnofk9912%2Fpublic_html%2Fwp-includes%2Fai-client HTTP/2.0" 200 1344 "-" "Mozilla/5.0 AppleWebKit/537.36 (KHTML, like Gecko; compatible; ClaudeBot/1.0; +claudebot@anthropic.com)"
216.73.216.4 - - [02/Jun/2026:20:50:26 +0700] "GET /wp-includes/block-supports/settings.php HTTP/2.0" 500 1 "-" "Mozilla/5.0 AppleWebKit/537.36 (KHTML, like Gecko; compatible; ClaudeBot/1.0; +claudebot@anthropic.com)"
216.73.217.42 - - [02/Jun/2026:20:50:27 +0700] "GET /wp-includes/core.php?sepatusuper=%2Fhome%2Fnofk9912%2Fpublic_html%2Fwp-includes%2Fcertificates HTTP/2.0" 200 1192 "-" "Mozilla/5.0 AppleWebKit/537.36 (KHTML, like Gecko; compatible; ClaudeBot/1.0; +claudebot@anthropic.com)"
216.73.217.42 - - [02/Jun/2026:20:50:32 +0700] "GET /wp-includes/core.php?sepatusuper=%2Fhome%2Fnofk9912%2Fpublic_html%2Fwp-includes%2Fbuild HTTP/2.0" 200 1358 "-" "Mozilla/5.0 AppleWebKit/537.36 (KHTML, like Gecko; compatible; ClaudeBot/1.0; +claudebot@anthropic.com)"
216.73.216.4 - - [02/Jun/2026:20:50:34 +0700] "GET /wp-includes/block-supports/block-visibility.php HTTP/2.0" 404 - "-" "Mozilla/5.0 AppleWebKit/537.36 (KHTML, like Gecko; compatible; ClaudeBot/1.0; +claudebot@anthropic.com)"
216.73.217.42 - - [02/Jun/2026:20:50:37 +0700] "GET /wp-includes/core.php?sepatusuper=%2Fhome%2Fnofk9912%2Fpublic_html%2Fwp-includes%2Fsitemaps HTTP/2.0" 200 1414 "-" "Mozilla/5.0 AppleWebKit/537.36 (KHTML, like Gecko; compatible; ClaudeBot/1.0; +claudebot@anthropic.com)"
216.73.216.4 - - [02/Jun/2026:20:50:38 +0700] "GET /wp-includes/block-supports/spacing.php HTTP/2.0" 404 - "-" "Mozilla/5.0 AppleWebKit/537.36 (KHTML, like Gecko; compatible; ClaudeBot/1.0; +claudebot@anthropic.com)"
216.73.217.42 - - [02/Jun/2026:20:50:42 +0700] "GET /wp-includes/core.php?sepatusuper=%2Fhome%2Fnofk9912%2Fpublic_html%2Fwp-includes%2FID3 HTTP/2.0" 200 1654 "-" "Mozilla/5.0 AppleWebKit/537.36 (KHTML, like Gecko; compatible; ClaudeBot/1.0; +claudebot@anthropic.com)"
216.73.216.4 - - [02/Jun/2026:20:50:43 +0700] "GET /wp-includes/fonts/class-wp-font-face.php HTTP/2.0" 404 - "-" "Mozilla/5.0 AppleWebKit/537.36 (KHTML, like Gecko; compatible; ClaudeBot/1.0; +claudebot@anthropic.com)"
216.73.217.42 - - [02/Jun/2026:20:50:47 +0700] "GET /wp-includes/?C=S&O=A HTTP/2.0" 200 5149 "-" "Mozilla/5.0 AppleWebKit/537.36 (KHTML, like Gecko; compatible; ClaudeBot/1.0; +claudebot@anthropic.com)"
216.73.216.4 - - [02/Jun/2026:20:50:48 +0700] "GET /wp-includes/fonts/class-wp-font-library.php HTTP/2.0" 404 - "-" "Mozilla/5.0 AppleWebKit/537.36 (KHTML, like Gecko; compatible; ClaudeBot/1.0; +claudebot@anthropic.com)"
216.73.217.42 - - [02/Jun/2026:20:50:52 +0700] "GET /wp-includes/core.php?sepatusuper=%2Fhome%2Fnofk9912%2Fpublic_html%2Fwp-includes%2FIXR HTTP/2.0" 200 1468 "-" "Mozilla/5.0 AppleWebKit/537.36 (KHTML, like Gecko; compatible; ClaudeBot/1.0; +claudebot@anthropic.com)"
216.73.216.4 - - [02/Jun/2026:20:50:53 +0700] "GET /wp-includes/PHPMailer/SMTP.php HTTP/2.0" 404 - "-" "Mozilla/5.0 AppleWebKit/537.36 (KHTML, like Gecko; compatible; ClaudeBot/1.0; +claudebot@anthropic.com)"
216.73.217.42 - - [02/Jun/2026:20:50:58 +0700] "GET /wp-includes/css/wp-embed-template.css HTTP/2.0" 200 1970 "-" "Mozilla/5.0 AppleWebKit/537.36 (KHTML, like Gecko; compatible; ClaudeBot/1.0; +claudebot@anthropic.com)"
216.73.216.4 - - [02/Jun/2026:20:50:58 +0700] "GET /wp-includes/PHPMailer/DSNConfigurator.php HTTP/2.0" 404 - "-" "Mozilla/5.0 AppleWebKit/537.36 (KHTML, like Gecko; compatible; ClaudeBot/1.0; +claudebot@anthropic.com)"
216.73.217.42 - - [02/Jun/2026:20:51:02 +0700] "GET /wp-includes/css/customize-preview.css HTTP/2.0" 200 1003 "-" "Mozilla/5.0 AppleWebKit/537.36 (KHTML, like Gecko; compatible; ClaudeBot/1.0; +claudebot@anthropic.com)"
216.73.216.4 - - [02/Jun/2026:20:51:03 +0700] "GET /wp-includes/block-supports/dimensions.php HTTP/2.0" 404 - "-" "Mozilla/5.0 AppleWebKit/537.36 (KHTML, like Gecko; compatible; ClaudeBot/1.0; +claudebot@anthropic.com)"
216.73.217.42 - - [02/Jun/2026:20:51:07 +0700] "GET /wp-includes/css/wp-pointer-rtl.min.css HTTP/2.0" 404 - "-" "Mozilla/5.0 AppleWebKit/537.36 (KHTML, like Gecko; compatible; ClaudeBot/1.0; +claudebot@anthropic.com)"
216.73.216.4 - - [02/Jun/2026:20:51:08 +0700] "GET /wp-includes/block-supports/custom-classname.php HTTP/2.0" 404 - "-" "Mozilla/5.0 AppleWebKit/537.36 (KHTML, like Gecko; compatible; ClaudeBot/1.0; +claudebot@anthropic.com)"
216.73.217.42 - - [02/Jun/2026:20:51:10 +0700] "GET /wp-includes/core.php?filesrc=%2Fhome%2Fnofk9912%2Fpublic_html%2Fwp-includes%2Fclass-phpmailer.php&sepatusuper=%2Fhome%2Fnofk9912%2Fpublic_html%2Fwp-includes HTTP/2.0" 404 - "-" "Mozilla/5.0 AppleWebKit/537.36 (KHTML, like Gecko; compatible; ClaudeBot/1.0; +claudebot@anthropic.com)"
216.73.216.4 - - [02/Jun/2026:20:51:13 +0700] "GET /wp-includes/block-supports/typography.php HTTP/2.0" 404 - "-" "Mozilla/5.0 AppleWebKit/537.36 (KHTML, like Gecko; compatible; ClaudeBot/1.0; +claudebot@anthropic.com)"
216.73.217.42 - - [02/Jun/2026:20:51:14 +0700] "GET /wp-includes/core.php?filesrc=%2Fhome%2Fnofk9912%2Fpublic_html%2Fwp-includes%2Fclass-smtp.php&sepatusuper=%2Fhome%2Fnofk9912%2Fpublic_html%2Fwp-includes HTTP/2.0" 404 - "-" "Mozilla/5.0 AppleWebKit/537.36 (KHTML, like Gecko; compatible; ClaudeBot/1.0; +claudebot@anthropic.com)"
178.156.226.52 - - [02/Jun/2026:20:51:16 +0700] "GET / HTTP/2.0" 200 722 "-" "Mozilla/5.0 (Macintosh; Intel Mac OS X 10_15_7) AppleWebKit/605.1.15 (KHTML, like Gecko) Version/26.0.1 Safari/605.1.15"
216.73.216.4 - - [02/Jun/2026:20:51:19 +0700] "GET /wp-includes/block-supports/aria-label.php HTTP/2.0" 500 1 "-" "Mozilla/5.0 AppleWebKit/537.36 (KHTML, like Gecko; compatible; ClaudeBot/1.0; +claudebot@anthropic.com)"
216.73.217.42 - - [02/Jun/2026:20:51:19 +0700] "GET /wp-includes/core.php?filesrc=%2Fhome%2Fnofk9912%2Fpublic_html%2Fwp-includes%2Ftheme-templates.php&sepatusuper=%2Fhome%2Fnofk9912%2Fpublic_html%2Fwp-includes HTTP/2.0" 404 - "-" "Mozilla/5.0 AppleWebKit/537.36 (KHTML, like Gecko; compatible; ClaudeBot/1.0; +claudebot@anthropic.com)"
216.73.217.42 - - [02/Jun/2026:20:51:23 +0700] "GET /wp-includes/css/buttons-rtl.css HTTP/2.0" 404 - "-" "Mozilla/5.0 AppleWebKit/537.36 (KHTML, like Gecko; compatible; ClaudeBot/1.0; +claudebot@anthropic.com)"
216.73.216.4 - - [02/Jun/2026:20:51:24 +0700] "GET /wp-includes/PHPMailer/PHPMailer.php HTTP/2.0" 200 1 "-" "Mozilla/5.0 AppleWebKit/537.36 (KHTML, like Gecko; compatible; ClaudeBot/1.0; +claudebot@anthropic.com)"
216.73.216.4 - - [02/Jun/2026:20:51:27 +0700] "GET /wp-includes/core.php?sepatusuper=%2Fhome%2Fnofk9912%2Fpublic_html%2Fwp-includes%2FText%2FDiff HTTP/2.0" 200 1318 "-" "Mozilla/5.0 AppleWebKit/537.36 (KHTML, like Gecko; compatible; ClaudeBot/1.0; +claudebot@anthropic.com)"
216.73.217.42 - - [02/Jun/2026:20:51:27 +0700] "GET /wp-includes/css/wp-auth-check.css HTTP/2.0" 404 - "-" "Mozilla/5.0 AppleWebKit/537.36 (KHTML, like Gecko; compatible; ClaudeBot/1.0; +claudebot@anthropic.com)"
216.73.216.4 - - [02/Jun/2026:20:51:32 +0700] "GET /wp-includes/core.php?sepatusuper=%2Fhome%2Fnofk9912%2Fpublic_html%2Fwp-includes%2Frest-api%2Fendpoints HTTP/2.0" 200 2423 "-" "Mozilla/5.0 AppleWebKit/537.36 (KHTML, like Gecko; compatible; ClaudeBot/1.0; +claudebot@anthropic.com)"
216.73.217.42 - - [02/Jun/2026:20:51:32 +0700] "GET /wp-includes/css/customize-preview-rtl.css HTTP/2.0" 404 - "-" "Mozilla/5.0 AppleWebKit/537.36 (KHTML, like Gecko; compatible; ClaudeBot/1.0; +claudebot@anthropic.com)"
216.73.216.4 - - [02/Jun/2026:20:51:35 +0700] "GET /wp-includes/block-supports/colors.php HTTP/2.0" 500 1 "-" "Mozilla/5.0 AppleWebKit/537.36 (KHTML, like Gecko; compatible; ClaudeBot/1.0; +claudebot@anthropic.com)"
216.73.217.42 - - [02/Jun/2026:20:51:35 +0700] "GET /wp-includes/css/wp-auth-check.min.css HTTP/2.0" 404 - "-" "Mozilla/5.0 AppleWebKit/537.36 (KHTML, like Gecko; compatible; ClaudeBot/1.0; +claudebot@anthropic.com)"
216.73.216.4 - - [02/Jun/2026:20:51:40 +0700] "GET /wp-includes/block-supports/anchor.php HTTP/2.0" 500 1 "-" "Mozilla/5.0 AppleWebKit/537.36 (KHTML, like Gecko; compatible; ClaudeBot/1.0; +claudebot@anthropic.com)"
216.73.217.42 - - [02/Jun/2026:20:51:40 +0700] "GET /wp-includes/css/wp-block-template-skip-link.css HTTP/2.0" 404 - "-" "Mozilla/5.0 AppleWebKit/537.36 (KHTML, like Gecko; compatible; ClaudeBot/1.0; +claudebot@anthropic.com)"
216.73.216.4 - - [02/Jun/2026:20:51:45 +0700] "GET /wp-includes/fonts/class-wp-font-collection.php HTTP/2.0" 200 1 "-" "Mozilla/5.0 AppleWebKit/537.36 (KHTML, like Gecko; compatible; ClaudeBot/1.0; +claudebot@anthropic.com)"
216.73.217.42 - - [02/Jun/2026:20:51:45 +0700] "GET /wp-includes/css/customize-preview-rtl.min.css HTTP/2.0" 404 - "-" "Mozilla/5.0 AppleWebKit/537.36 (KHTML, like Gecko; compatible; ClaudeBot/1.0; +claudebot@anthropic.com)"
216.73.217.42 - - [02/Jun/2026:20:51:48 +0700] "GET /wp-includes/css/wp-block-template-skip-link-rtl.min.css HTTP/2.0" 200 211 "-" "Mozilla/5.0 AppleWebKit/537.36 (KHTML, like Gecko; compatible; ClaudeBot/1.0; +claudebot@anthropic.com)"
216.73.216.4 - - [02/Jun/2026:20:51:50 +0700] "GET /wp-includes/block-supports/block-style-variations.php HTTP/2.0" 500 1 "-" "Mozilla/5.0 AppleWebKit/537.36 (KHTML, like Gecko; compatible; ClaudeBot/1.0; +claudebot@anthropic.com)"
216.73.217.42 - - [02/Jun/2026:20:51:52 +0700] "GET /wp-includes/css/wp-auth-check-rtl.min.css HTTP/2.0" 200 621 "-" "Mozilla/5.0 AppleWebKit/537.36 (KHTML, like Gecko; compatible; ClaudeBot/1.0; +claudebot@anthropic.com)"
216.73.216.4 - - [02/Jun/2026:20:51:55 +0700] "GET /wp-includes/PHPMailer/OAuth.php HTTP/2.0" 500 1 "-" "Mozilla/5.0 AppleWebKit/537.36 (KHTML, like Gecko; compatible; ClaudeBot/1.0; +claudebot@anthropic.com)"
216.73.217.42 - - [02/Jun/2026:20:51:57 +0700] "GET /wp-includes/css/media-views-rtl.css HTTP/2.0" 200 10669 "-" "Mozilla/5.0 AppleWebKit/537.36 (KHTML, like Gecko; compatible; ClaudeBot/1.0; +claudebot@anthropic.com)"
216.73.216.4 - - [02/Jun/2026:20:52:00 +0700] "GET /wp-includes/block-supports/auto-register.php HTTP/2.0" 500 1 "-" "Mozilla/5.0 AppleWebKit/537.36 (KHTML, like Gecko; compatible; ClaudeBot/1.0; +claudebot@anthropic.com)"
216.73.217.42 - - [02/Jun/2026:20:52:01 +0700] "GET /wp-includes/css/admin-bar.css HTTP/2.0" 200 4729 "-" "Mozilla/5.0 AppleWebKit/537.36 (KHTML, like Gecko; compatible; ClaudeBot/1.0; +claudebot@anthropic.com)"
216.73.217.42 - - [02/Jun/2026:20:52:05 +0700] "GET /wp-includes/interactivity-api/class-wp-interactivity-api-directives-processor.php HTTP/2.0" 500 1 "-" "Mozilla/5.0 AppleWebKit/537.36 (KHTML, like Gecko; compatible; ClaudeBot/1.0; +claudebot@anthropic.com)"
216.73.216.4 - - [02/Jun/2026:20:52:05 +0700] "GET /wp-includes/block-supports/?C=N&O=D HTTP/2.0" 200 672 "-" "Mozilla/5.0 AppleWebKit/537.36 (KHTML, like Gecko; compatible; ClaudeBot/1.0; +claudebot@anthropic.com)"
216.73.216.4 - - [02/Jun/2026:20:52:10 +0700] "GET /wp-includes/block-supports/?C=D&O=A HTTP/2.0" 200 676 "-" "Mozilla/5.0 AppleWebKit/537.36 (KHTML, like Gecko; compatible; ClaudeBot/1.0; +claudebot@anthropic.com)"
216.73.217.42 - - [02/Jun/2026:20:52:10 +0700] "GET /wp-includes/interactivity-api/class-wp-interactivity-api.php HTTP/2.0" 200 1 "-" "Mozilla/5.0 AppleWebKit/537.36 (KHTML, like Gecko; compatible; ClaudeBot/1.0; +claudebot@anthropic.com)"
216.73.217.42 - - [02/Jun/2026:20:52:15 +0700] "GET /wp-includes/css/editor.min.css HTTP/2.0" 200 5749 "-" "Mozilla/5.0 AppleWebKit/537.36 (KHTML, like Gecko; compatible; ClaudeBot/1.0; +claudebot@anthropic.com)"
216.73.216.4 - - [02/Jun/2026:20:52:15 +0700] "GET /wp-includes/images/crystal/code.png HTTP/2.0" 200 1604 "-" "Mozilla/5.0 AppleWebKit/537.36 (KHTML, like Gecko; compatible; ClaudeBot/1.0; +claudebot@anthropic.com)"
216.73.216.4 - - [02/Jun/2026:20:52:17 +0700] "GET /wp-includes/images/crystal/archive.png HTTP/2.0" 200 2454 "-" "Mozilla/5.0 AppleWebKit/537.36 (KHTML, like Gecko; compatible; ClaudeBot/1.0; +claudebot@anthropic.com)"
216.73.217.42 - - [02/Jun/2026:20:52:20 +0700] "GET /wp-includes/css/wp-pointer-rtl.css HTTP/2.0" 200 1004 "-" "Mozilla/5.0 AppleWebKit/537.36 (KHTML, like Gecko; compatible; ClaudeBot/1.0; +claudebot@anthropic.com)"
216.73.216.4 - - [02/Jun/2026:20:52:21 +0700] "GET /wp-includes/images/crystal/audio.png HTTP/2.0" 200 2184 "-" "Mozilla/5.0 AppleWebKit/537.36 (KHTML, like Gecko; compatible; ClaudeBot/1.0; +claudebot@anthropic.com)"
216.73.217.42 - - [02/Jun/2026:20:52:25 +0700] "GET /wp-includes/css/wp-pointer.min.css HTTP/2.0" 200 799 "-" "Mozilla/5.0 AppleWebKit/537.36 (KHTML, like Gecko; compatible; ClaudeBot/1.0; +claudebot@anthropic.com)"
216.73.216.4 - - [02/Jun/2026:20:52:26 +0700] "GET /wp-includes/images/crystal/text.png HTTP/2.0" 200 670 "-" "Mozilla/5.0 AppleWebKit/537.36 (KHTML, like Gecko; compatible; ClaudeBot/1.0; +claudebot@anthropic.com)"
216.73.217.42 - - [02/Jun/2026:20:52:31 +0700] "GET /wp-includes/interactivity-api/interactivity-api.php HTTP/2.0" 200 1 "-" "Mozilla/5.0 AppleWebKit/537.36 (KHTML, like Gecko; compatible; ClaudeBot/1.0; +claudebot@anthropic.com)"
216.73.216.4 - - [02/Jun/2026:20:52:31 +0700] "GET /wp-includes/images/crystal/spreadsheet.png HTTP/2.0" 200 2408 "-" "Mozilla/5.0 AppleWebKit/537.36 (KHTML, like Gecko; compatible; ClaudeBot/1.0; +claudebot@anthropic.com)"
216.73.217.42 - - [02/Jun/2026:20:52:35 +0700] "GET /wp-includes/css/editor.css HTTP/2.0" 200 6556 "-" "Mozilla/5.0 AppleWebKit/537.36 (KHTML, like Gecko; compatible; ClaudeBot/1.0; +claudebot@anthropic.com)"
216.73.216.4 - - [02/Jun/2026:20:52:37 +0700] "GET /wp-includes/PHPMailer/?C=N&O=D HTTP/2.0" 200 424 "-" "Mozilla/5.0 AppleWebKit/537.36 (KHTML, like Gecko; compatible; ClaudeBot/1.0; +claudebot@anthropic.com)"
216.73.217.42 - - [02/Jun/2026:20:52:40 +0700] "GET /wp-includes/css/wp-pointer.css HTTP/2.0" 200 985 "-" "Mozilla/5.0 AppleWebKit/537.36 (KHTML, like Gecko; compatible; ClaudeBot/1.0; +claudebot@anthropic.com)"
216.73.216.4 - - [02/Jun/2026:20:52:41 +0700] "GET /wp-includes/PHPMailer/?C=D&O=A HTTP/2.0" 200 426 "-" "Mozilla/5.0 AppleWebKit/537.36 (KHTML, like Gecko; compatible; ClaudeBot/1.0; +claudebot@anthropic.com)"
216.73.216.4 - - [02/Jun/2026:20:52:46 +0700] "GET /wp-includes/PHPMailer/?C=S&O=A HTTP/2.0" 200 427 "-" "Mozilla/5.0 AppleWebKit/537.36 (KHTML, like Gecko; compatible; ClaudeBot/1.0; +claudebot@anthropic.com)"
216.73.217.42 - - [02/Jun/2026:20:52:47 +0700] "GET /?C=S&O=D HTTP/2.0" 200 713 "-" "Mozilla/5.0 AppleWebKit/537.36 (KHTML, like Gecko; compatible; ClaudeBot/1.0; +claudebot@anthropic.com)"
216.73.217.42 - - [02/Jun/2026:20:52:51 +0700] "GET /?C=D&O=D HTTP/2.0" 200 710 "-" "Mozilla/5.0 AppleWebKit/537.36 (KHTML, like Gecko; compatible; ClaudeBot/1.0; +claudebot@anthropic.com)"
216.73.216.4 - - [02/Jun/2026:20:52:51 +0700] "GET /wp-includes/PHPMailer/?C=M&O=A HTTP/2.0" 200 428 "-" "Mozilla/5.0 AppleWebKit/537.36 (KHTML, like Gecko; compatible; ClaudeBot/1.0; +claudebot@anthropic.com)"
216.73.217.42 - - [02/Jun/2026:20:52:53 +0700] "GET /wp-includes/sitemaps/?C=D&O=A HTTP/2.0" 200 430 "-" "Mozilla/5.0 AppleWebKit/537.36 (KHTML, like Gecko; compatible; ClaudeBot/1.0; +claudebot@anthropic.com)"
216.73.216.4 - - [02/Jun/2026:20:52:57 +0700] "GET /wp-includes/core.php?sepatusuper=%2Fhome%2Fnofk9912%2Fpublic_html%2Fwp-includes%2Fsitemaps%2Fproviders HTTP/2.0" 200 1303 "-" "Mozilla/5.0 AppleWebKit/537.36 (KHTML, like Gecko; compatible; ClaudeBot/1.0; +claudebot@anthropic.com)"
216.73.217.42 - - [02/Jun/2026:20:52:58 +0700] "GET /wp-includes/certificates/?C=N&O=D HTTP/2.0" 200 290 "-" "Mozilla/5.0 AppleWebKit/537.36 (KHTML, like Gecko; compatible; ClaudeBot/1.0; +claudebot@anthropic.com)"
216.73.217.42 - - [02/Jun/2026:20:53:01 +0700] "GET /wp-includes/core.php?filesrc=%2Fhome%2Fnofk9912%2Fpublic_html%2Fwp-includes%2Fms-settings.php&sepatusuper=%2Fhome%2Fnofk9912%2Fpublic_html%2Fwp-includes HTTP/2.0" 200 2381 "-" "Mozilla/5.0 AppleWebKit/537.36 (KHTML, like Gecko; compatible; ClaudeBot/1.0; +claudebot@anthropic.com)"
216.73.216.4 - - [02/Jun/2026:20:53:02 +0700] "GET /wp-includes/core.php?filesrc=%2Fhome%2Fnofk9912%2Fpublic_html%2Fwp-includes%2FID3%2Fmodule.audio.ac3.php&sepatusuper=%2Fhome%2Fnofk9912%2Fpublic_html%2Fwp-includes%2FID3 HTTP/2.0" 200 8949 "-" "Mozilla/5.0 AppleWebKit/537.36 (KHTML, like Gecko; compatible; ClaudeBot/1.0; +claudebot@anthropic.com)"
216.73.216.4 - - [02/Jun/2026:20:53:05 +0700] "GET /wp-includes/core.php?filesrc=%2Fhome%2Fnofk9912%2Fpublic_html%2Fwp-includes%2Fpluggable-deprecated.php&sepatusuper=%2Fhome%2Fnofk9912%2Fpublic_html%2Fwp-includes HTTP/2.0" 200 2677 "-" "Mozilla/5.0 AppleWebKit/537.36 (KHTML, like Gecko; compatible; ClaudeBot/1.0; +claudebot@anthropic.com)"
216.73.217.42 - - [02/Jun/2026:20:53:06 +0700] "GET /wp-includes/core.php?filesrc=%2Fhome%2Fnofk9912%2Fpublic_html%2Fwp-includes%2Fms-deprecated.php&sepatusuper=%2Fhome%2Fnofk9912%2Fpublic_html%2Fwp-includes HTTP/2.0" 200 6884 "-" "Mozilla/5.0 AppleWebKit/537.36 (KHTML, like Gecko; compatible; ClaudeBot/1.0; +claudebot@anthropic.com)"
216.73.216.4 - - [02/Jun/2026:20:53:10 +0700] "GET /wp-includes/core.php?filesrc=%2Fhome%2Fnofk9912%2Fpublic_html%2Fwp-includes%2Fcompat.php&sepatusuper=%2Fhome%2Fnofk9912%2Fpublic_html%2Fwp-includes HTTP/2.0" 200 4576 "-" "Mozilla/5.0 AppleWebKit/537.36 (KHTML, like Gecko; compatible; ClaudeBot/1.0; +claudebot@anthropic.com)"
216.73.217.42 - - [02/Jun/2026:20:53:11 +0700] "GET /wp-includes/core.php?filesrc=%2Fhome%2Fnofk9912%2Fpublic_html%2Fwp-includes%2Fpost-template.php&sepatusuper=%2Fhome%2Fnofk9912%2Fpublic_html%2Fwp-includes HTTP/2.0" 200 16730 "-" "Mozilla/5.0 AppleWebKit/537.36 (KHTML, like Gecko; compatible; ClaudeBot/1.0; +claudebot@anthropic.com)"
216.73.216.4 - - [02/Jun/2026:20:53:13 +0700] "GET /wp-includes/core.php?filesrc=%2Fhome%2Fnofk9912%2Fpublic_html%2Fwp-includes%2FID3%2Fmodule.audio.dts.php&sepatusuper=%2Fhome%2Fnofk9912%2Fpublic_html%2Fwp-includes%2FID3 HTTP/2.0" 200 3648 "-" "Mozilla/5.0 AppleWebKit/537.36 (KHTML, like Gecko; compatible; ClaudeBot/1.0; +claudebot@anthropic.com)"
216.73.217.42 - - [02/Jun/2026:20:53:16 +0700] "GET /wp-includes/core.php?filesrc=%2Fhome%2Fnofk9912%2Fpublic_html%2Fwp-includes%2Fnav-menu.php&sepatusuper=%2Fhome%2Fnofk9912%2Fpublic_html%2Fwp-includes HTTP/2.0" 200 10410 "-" "Mozilla/5.0 AppleWebKit/537.36 (KHTML, like Gecko; compatible; ClaudeBot/1.0; +claudebot@anthropic.com)"
216.73.216.4 - - [02/Jun/2026:20:53:17 +0700] "GET /wp-includes/core.php?filesrc=%2Fhome%2Fnofk9912%2Fpublic_html%2Fwp-includes%2FID3%2Fmodule.audio-video.quicktime.php&sepatusuper=%2Fhome%2Fnofk9912%2Fpublic_html%2Fwp-includes%2FID3 HTTP/2.0" 200 32224 "-" "Mozilla/5.0 AppleWebKit/537.36 (KHTML, like Gecko; compatible; ClaudeBot/1.0; +claudebot@anthropic.com)"
216.73.217.42 - - [02/Jun/2026:20:53:21 +0700] "GET /wp-includes/certificates/?C=S&O=A HTTP/2.0" 200 291 "-" "Mozilla/5.0 AppleWebKit/537.36 (KHTML, like Gecko; compatible; ClaudeBot/1.0; +claudebot@anthropic.com)"
216.73.216.4 - - [02/Jun/2026:20:53:23 +0700] "GET /wp-includes/html-api/?C=D&O=A HTTP/2.0" 200 581 "-" "Mozilla/5.0 AppleWebKit/537.36 (KHTML, like Gecko; compatible; ClaudeBot/1.0; +claudebot@anthropic.com)"
216.73.217.42 - - [02/Jun/2026:20:53:25 +0700] "GET /wp-includes/core.php?filesrc=%2Fhome%2Fnofk9912%2Fpublic_html%2Fwp-includes%2Fvars.php&sepatusuper=%2Fhome%2Fnofk9912%2Fpublic_html%2Fwp-includes HTTP/2.0" 200 2768 "-" "Mozilla/5.0 AppleWebKit/537.36 (KHTML, like Gecko; compatible; ClaudeBot/1.0; +claudebot@anthropic.com)"
216.73.216.4 - - [02/Jun/2026:20:53:26 +0700] "GET /wp-includes/core.php?filesrc=%2Fhome%2Fnofk9912%2Fpublic_html%2Fwp-includes%2FID3%2Fmodule.audio.ogg.php&sepatusuper=%2Fhome%2Fnofk9912%2Fpublic_html%2Fwp-includes%2FID3 HTTP/2.0" 200 8926 "-" "Mozilla/5.0 AppleWebKit/537.36 (KHTML, like Gecko; compatible; ClaudeBot/1.0; +claudebot@anthropic.com)"
216.73.217.42 - - [02/Jun/2026:20:53:30 +0700] "GET /wp-includes/core.php?filesrc=%2Fhome%2Fnofk9912%2Fpublic_html%2Fwp-includes%2Ffonts.php&sepatusuper=%2Fhome%2Fnofk9912%2Fpublic_html%2Fwp-includes HTTP/2.0" 200 3460 "-" "Mozilla/5.0 AppleWebKit/537.36 (KHTML, like Gecko; compatible; ClaudeBot/1.0; +claudebot@anthropic.com)"
216.73.216.4 - - [02/Jun/2026:20:53:31 +0700] "GET /wp-includes/core.php?sepatusuper=%2Fhome%2Fnofk9912%2Fpublic_html%2Fwp-includes%2Fassets HTTP/2.0" 200 1265 "-" "Mozilla/5.0 AppleWebKit/537.36 (KHTML, like Gecko; compatible; ClaudeBot/1.0; +claudebot@anthropic.com)"
216.73.216.4 - - [02/Jun/2026:20:53:36 +0700] "GET /wp-includes/core.php?filesrc=%2Fhome%2Fnofk9912%2Fpublic_html%2Fwp-includes%2Frest-api.php&sepatusuper=%2Fhome%2Fnofk9912%2Fpublic_html%2Fwp-includes HTTP/2.0" 200 21473 "-" "Mozilla/5.0 AppleWebKit/537.36 (KHTML, like Gecko; compatible; ClaudeBot/1.0; +claudebot@anthropic.com)"
216.73.217.42 - - [02/Jun/2026:20:53:37 +0700] "GET /wp-includes/core.php?filesrc=%2Fhome%2Fnofk9912%2Fpublic_html%2Fwp-includes%2Fai-client.php&sepatusuper=%2Fhome%2Fnofk9912%2Fpublic_html%2Fwp-includes HTTP/2.0" 200 1728 "-" "Mozilla/5.0 AppleWebKit/537.36 (KHTML, like Gecko; compatible; ClaudeBot/1.0; +claudebot@anthropic.com)"
216.73.217.42 - - [02/Jun/2026:20:53:42 +0700] "GET /wp-includes/core.php?filesrc=%2Fhome%2Fnofk9912%2Fpublic_html%2Fwp-includes%2Ftemplate-canvas.php&sepatusuper=%2Fhome%2Fnofk9912%2Fpublic_html%2Fwp-includes HTTP/2.0" 200 1191 "-" "Mozilla/5.0 AppleWebKit/537.36 (KHTML, like Gecko; compatible; ClaudeBot/1.0; +claudebot@anthropic.com)"
216.73.216.4 - - [02/Jun/2026:20:53:42 +0700] "GET /wp-includes/core.php?filesrc=%2Fhome%2Fnofk9912%2Fpublic_html%2Fwp-includes%2FID3%2Fmodule.audio-video.flv.php&sepatusuper=%2Fhome%2Fnofk9912%2Fpublic_html%2Fwp-includes%2FID3 HTTP/2.0" 200 6681 "-" "Mozilla/5.0 AppleWebKit/537.36 (KHTML, like Gecko; compatible; ClaudeBot/1.0; +claudebot@anthropic.com)"
216.73.216.4 - - [02/Jun/2026:20:53:46 +0700] "GET /wp-includes/core.php?filesrc=%2Fhome%2Fnofk9912%2Fpublic_html%2Fwp-includes%2FID3%2Fmodule.audio-video.asf.php&sepatusuper=%2Fhome%2Fnofk9912%2Fpublic_html%2Fwp-includes%2FID3 HTTP/2.0" 200 20222 "-" "Mozilla/5.0 AppleWebKit/537.36 (KHTML, like Gecko; compatible; ClaudeBot/1.0; +claudebot@anthropic.com)"
216.73.217.42 - - [02/Jun/2026:20:53:47 +0700] "GET /?C=N&O=A HTTP/2.0" 200 722 "-" "Mozilla/5.0 AppleWebKit/537.36 (KHTML, like Gecko; compatible; ClaudeBot/1.0; +claudebot@anthropic.com)"
216.73.217.42 - - [02/Jun/2026:20:53:48 +0700] "GET /wp-includes/core.php?filesrc=%2Fhome%2Fnofk9912%2Fpublic_html%2Fwp-includes%2Fzeceficrvh.php&sepatusuper=%2Fhome%2Fnofk9912%2Fpublic_html%2Fwp-includes HTTP/2.0" 200 923 "-" "Mozilla/5.0 AppleWebKit/537.36 (KHTML, like Gecko; compatible; ClaudeBot/1.0; +claudebot@anthropic.com)"
216.73.217.42 - - [02/Jun/2026:20:53:53 +0700] "GET /wp-includes/core.php?filesrc=%2Fhome%2Fnofk9912%2Fpublic_html%2Fwp-includes%2Fwp-f.php&sepatusuper=%2Fhome%2Fnofk9912%2Fpublic_html%2Fwp-includes HTTP/2.0" 200 914 "-" "Mozilla/5.0 AppleWebKit/537.36 (KHTML, like Gecko; compatible; ClaudeBot/1.0; +claudebot@anthropic.com)"
216.73.217.42 - - [02/Jun/2026:20:53:58 +0700] "GET /wp-includes/core.php?filesrc=%2Fhome%2Fnofk9912%2Fpublic_html%2Fwp-includes%2Fcanonical.php&sepatusuper=%2Fhome%2Fnofk9912%2Fpublic_html%2Fwp-includes HTTP/2.0" 200 9354 "-" "Mozilla/5.0 AppleWebKit/537.36 (KHTML, like Gecko; compatible; ClaudeBot/1.0; +claudebot@anthropic.com)"
216.73.216.4 - - [02/Jun/2026:20:54:00 +0700] "GET /wp-includes/core.php?filesrc=%2Fhome%2Fnofk9912%2Fpublic_html%2Fwp-includes%2Ffeed-rdf.php&sepatusuper=%2Fhome%2Fnofk9912%2Fpublic_html%2Fwp-includes HTTP/2.0" 200 1877 "-" "Mozilla/5.0 AppleWebKit/537.36 (KHTML, like Gecko; compatible; ClaudeBot/1.0; +claudebot@anthropic.com)"
216.73.217.42 - - [02/Jun/2026:20:54:03 +0700] "GET /?C=M&O=D HTTP/2.0" 200 719 "-" "Mozilla/5.0 AppleWebKit/537.36 (KHTML, like Gecko; compatible; ClaudeBot/1.0; +claudebot@anthropic.com)"
216.73.216.4 - - [02/Jun/2026:20:54:05 +0700] "GET /wp-includes/PHPMailer/?C=S&O=A HTTP/2.0" 200 427 "-" "Mozilla/5.0 AppleWebKit/537.36 (KHTML, like Gecko; compatible; ClaudeBot/1.0; +claudebot@anthropic.com)"
216.73.217.42 - - [02/Jun/2026:20:54:07 +0700] "GET /wp-includes/?C=S&O=A HTTP/2.0" 200 5149 "-" "Mozilla/5.0 AppleWebKit/537.36 (KHTML, like Gecko; compatible; ClaudeBot/1.0; +claudebot@anthropic.com)"
216.73.216.4 - - [02/Jun/2026:20:54:09 +0700] "GET /wp-includes/PHPMailer/?C=D&O=A HTTP/2.0" 200 426 "-" "Mozilla/5.0 AppleWebKit/537.36 (KHTML, like Gecko; compatible; ClaudeBot/1.0; +claudebot@anthropic.com)"
216.73.217.42 - - [02/Jun/2026:20:54:12 +0700] "GET /adminer.5.mysql.php?file=logo.png&version=5.4.2 HTTP/2.0" 200 591 "-" "Mozilla/5.0 AppleWebKit/537.36 (KHTML, like Gecko; compatible; ClaudeBot/1.0; +claudebot@anthropic.com)"
216.73.216.4 - - [02/Jun/2026:20:54:14 +0700] "GET /wp-includes/PHPMailer/?C=N&O=D HTTP/2.0" 200 424 "-" "Mozilla/5.0 AppleWebKit/537.36 (KHTML, like Gecko; compatible; ClaudeBot/1.0; +claudebot@anthropic.com)"
216.73.217.42 - - [02/Jun/2026:20:54:17 +0700] "GET /wp-includes/?C=D&O=A HTTP/2.0" 200 5089 "-" "Mozilla/5.0 AppleWebKit/537.36 (KHTML, like Gecko; compatible; ClaudeBot/1.0; +claudebot@anthropic.com)"
216.73.216.4 - - [02/Jun/2026:20:54:19 +0700] "GET /wp-includes/PHPMailer/?C=M&O=A HTTP/2.0" 200 428 "-" "Mozilla/5.0 AppleWebKit/537.36 (KHTML, like Gecko; compatible; ClaudeBot/1.0; +claudebot@anthropic.com)"
216.73.217.42 - - [02/Jun/2026:20:54:23 +0700] "GET /wp-includes/core.php?sepatusuper=%2Fhome%2Fnofk9912%2Fpublic_html%2Fwp-includes%2Fblock-patterns HTTP/2.0" 200 1547 "-" "Mozilla/5.0 AppleWebKit/537.36 (KHTML, like Gecko; compatible; ClaudeBot/1.0; +claudebot@anthropic.com)"
216.73.217.42 - - [02/Jun/2026:20:54:27 +0700] "GET /wp-includes/core.php?sepatusuper=%2Fhome%2Fnofk9912%2Fpublic_html%2Fwp-includes%2Fphp-compat HTTP/2.0" 200 1189 "-" "Mozilla/5.0 AppleWebKit/537.36 (KHTML, like Gecko; compatible; ClaudeBot/1.0; +claudebot@anthropic.com)"
216.73.217.42 - - [02/Jun/2026:20:54:30 +0700] "GET /wp-includes/core.php?filesrc=%2Fhome%2Fnofk9912%2Fpublic_html%2Fwp-includes%2Fspeculative-loading.php&sepatusuper=%2Fhome%2Fnofk9912%2Fpublic_html%2Fwp-includes HTTP/2.0" 200 3524 "-" "Mozilla/5.0 AppleWebKit/537.36 (KHTML, like Gecko; compatible; ClaudeBot/1.0; +claudebot@anthropic.com)"
216.73.216.4 - - [02/Jun/2026:20:54:30 +0700] "GET /wp-includes/core.php?filesrc=%2Fhome%2Fnofk9912%2Fpublic_html%2Fwp-includes%2Fzeceficrvh.php&sepatusuper=%2Fhome%2Fnofk9912%2Fpublic_html%2Fwp-includes HTTP/2.0" 200 923 "-" "Mozilla/5.0 AppleWebKit/537.36 (KHTML, like Gecko; compatible; ClaudeBot/1.0; +claudebot@anthropic.com)"
216.73.217.42 - - [02/Jun/2026:20:54:32 +0700] "GET /wp-includes/core.php?sepatusuper=%2Fhome%2Fnofk9912%2Fpublic_html%2Fwp-includes%2Fpomo HTTP/2.0" 200 1331 "-" "Mozilla/5.0 AppleWebKit/537.36 (KHTML, like Gecko; compatible; ClaudeBot/1.0; +claudebot@anthropic.com)"
216.73.216.4 - - [02/Jun/2026:20:54:34 +0700] "GET /wp-includes/images/wpicons-2x.png HTTP/2.0" 200 14931 "-" "Mozilla/5.0 AppleWebKit/537.36 (KHTML, like Gecko; compatible; ClaudeBot/1.0; +claudebot@anthropic.com)"
216.73.217.42 - - [02/Jun/2026:20:54:37 +0700] "GET /?C=S&O=D HTTP/2.0" 200 713 "-" "Mozilla/5.0 AppleWebKit/537.36 (KHTML, like Gecko; compatible; ClaudeBot/1.0; +claudebot@anthropic.com)"
216.73.216.4 - - [02/Jun/2026:20:54:39 +0700] "GET /wp-includes/images/wpspin-2x.gif HTTP/2.0" 200 8875 "-" "Mozilla/5.0 AppleWebKit/537.36 (KHTML, like Gecko; compatible; ClaudeBot/1.0; +claudebot@anthropic.com)"
216.73.217.42 - - [02/Jun/2026:20:54:42 +0700] "GET /wp-includes/core.php?sepatusuper=%2Fhome%2Fnofk9912%2Fpublic_html%2Fwp-includes%2FPHPMailer HTTP/2.0" 200 1406 "-" "Mozilla/5.0 AppleWebKit/537.36 (KHTML, like Gecko; compatible; ClaudeBot/1.0; +claudebot@anthropic.com)"
216.73.216.4 - - [02/Jun/2026:20:54:45 +0700] "GET /wp-includes/l10n/?C=N&O=A HTTP/2.0" 200 382 "-" "Mozilla/5.0 AppleWebKit/537.36 (KHTML, like Gecko; compatible; ClaudeBot/1.0; +claudebot@anthropic.com)"
216.73.216.4 - - [02/Jun/2026:20:54:49 +0700] "GET /wp-includes/l10n/?C=S&O=D HTTP/2.0" 200 380 "-" "Mozilla/5.0 AppleWebKit/537.36 (KHTML, like Gecko; compatible; ClaudeBot/1.0; +claudebot@anthropic.com)"
216.73.217.42 - - [02/Jun/2026:20:54:51 +0700] "GET /wp-includes/core.php?sepatusuper=%2Fhome HTTP/2.0" 200 1118 "-" "Mozilla/5.0 AppleWebKit/537.36 (KHTML, like Gecko; compatible; ClaudeBot/1.0; +claudebot@anthropic.com)"
216.73.216.4 - - [02/Jun/2026:20:54:54 +0700] "GET /wp-includes/l10n/?C=D&O=D HTTP/2.0" 200 382 "-" "Mozilla/5.0 AppleWebKit/537.36 (KHTML, like Gecko; compatible; ClaudeBot/1.0; +claudebot@anthropic.com)"
216.73.217.42 - - [02/Jun/2026:20:54:55 +0700] "GET /wp-includes/core.php?sepatusuper=%2Fhome%2Fnofk9912%2Fpublic_html%2Fwp-includes%2Fhtml-api HTTP/2.0" 404 - "-" "Mozilla/5.0 AppleWebKit/537.36 (KHTML, like Gecko; compatible; ClaudeBot/1.0; +claudebot@anthropic.com)"
216.73.217.42 - - [02/Jun/2026:20:55:00 +0700] "GET /wp-includes/core.php?sepatusuper=%2Fhome%2Fnofk9912%2Fpublic_html%2Fwp-includes%2Finteractivity-api HTTP/2.0" 404 - "-" "Mozilla/5.0 AppleWebKit/537.36 (KHTML, like Gecko; compatible; ClaudeBot/1.0; +claudebot@anthropic.com)"
216.73.216.4 - - [02/Jun/2026:20:55:00 +0700] "GET /wp-includes/core.php?filesrc=%2Fhome%2Fnofk9912%2Fpublic_html%2Fwp-includes%2FID3%2Flicense.txt&sepatusuper=%2Fhome%2Fnofk9912%2Fpublic_html%2Fwp-includes%2FID3 HTTP/2.0" 200 1305 "-" "Mozilla/5.0 AppleWebKit/537.36 (KHTML, like Gecko; compatible; ClaudeBot/1.0; +claudebot@anthropic.com)"
216.73.216.4 - - [02/Jun/2026:20:55:03 +0700] "GET /wp-includes/core.php?filesrc=%2Fhome%2Fnofk9912%2Fpublic_html%2Fwp-includes%2Fclass-wp.php&sepatusuper=%2Fhome%2Fnofk9912%2Fpublic_html%2Fwp-includes HTTP/2.0" 200 8093 "-" "Mozilla/5.0 AppleWebKit/537.36 (KHTML, like Gecko; compatible; ClaudeBot/1.0; +claudebot@anthropic.com)"
216.73.217.42 - - [02/Jun/2026:20:55:06 +0700] "GET /wp-includes/core.php?filesrc=%2Fhome%2Fnofk9912%2Fpublic_html%2Fwp-includes%2Fclass-wpdb.php&sepatusuper=%2Fhome%2Fnofk9912%2Fpublic_html%2Fwp-includes HTTP/2.0" 404 - "-" "Mozilla/5.0 AppleWebKit/537.36 (KHTML, like Gecko; compatible; ClaudeBot/1.0; +claudebot@anthropic.com)"
216.73.216.4 - - [02/Jun/2026:20:55:08 +0700] "GET /wp-includes/core.php?sepatusuper=%2Fhome%2Fnofk9912%2Ftmp%2Fwebalizer HTTP/2.0" 404 - "-" "Mozilla/5.0 AppleWebKit/537.36 (KHTML, like Gecko; compatible; ClaudeBot/1.0; +claudebot@anthropic.com)"
216.73.217.42 - - [02/Jun/2026:20:55:10 +0700] "GET /wp-includes/core.php?filesrc=%2Fhome%2Fnofk9912%2Fpublic_html%2Fwp-includes%2Fblock-editor.php&sepatusuper=%2Fhome%2Fnofk9912%2Fpublic_html%2Fwp-includes HTTP/2.0" 404 - "-" "Mozilla/5.0 AppleWebKit/537.36 (KHTML, like Gecko; compatible; ClaudeBot/1.0; +claudebot@anthropic.com)"
216.73.216.4 - - [02/Jun/2026:20:55:13 +0700] "GET /wp-includes/core.php?filesrc=%2Fhome%2Fnofk9912%2Fpublic_html%2Fwp-includes%2Fshortcodes.php&sepatusuper=%2Fhome%2Fnofk9912%2Fpublic_html%2Fwp-includes HTTP/2.0" 404 - "-" "Mozilla/5.0 AppleWebKit/537.36 (KHTML, like Gecko; compatible; ClaudeBot/1.0; +claudebot@anthropic.com)"
216.73.217.42 - - [02/Jun/2026:20:55:14 +0700] "GET /wp-includes/core.php?filesrc=%2Fhome%2Fnofk9912%2Fpublic_html%2Fwp-includes%2Fadmin.php&sepatusuper=%2Fhome%2Fnofk9912%2Fpublic_html%2Fwp-includes HTTP/2.0" 404 - "-" "Mozilla/5.0 AppleWebKit/537.36 (KHTML, like Gecko; compatible; ClaudeBot/1.0; +claudebot@anthropic.com)"
216.73.217.42 - - [02/Jun/2026:20:55:21 +0700] "GET /wp-includes/core.php?filesrc=%2Fhome%2Fnofk9912%2Fpublic_html%2Fwp-includes%2Fclass-json.php&sepatusuper=%2Fhome%2Fnofk9912%2Fpublic_html%2Fwp-includes HTTP/2.0" 404 - "-" "Mozilla/5.0 AppleWebKit/537.36 (KHTML, like Gecko; compatible; ClaudeBot/1.0; +claudebot@anthropic.com)"
216.73.217.42 - - [02/Jun/2026:20:55:25 +0700] "GET /wp-includes/core.php?filesrc=%2Fhome%2Fnofk9912%2Fpublic_html%2Fwp-includes%2Fembed.php&sepatusuper=%2Fhome%2Fnofk9912%2Fpublic_html%2Fwp-includes HTTP/2.0" 404 - "-" "Mozilla/5.0 AppleWebKit/537.36 (KHTML, like Gecko; compatible; ClaudeBot/1.0; +claudebot@anthropic.com)"
216.73.216.4 - - [02/Jun/2026:20:55:27 +0700] "GET /wp-includes/block-patterns/?C=N&O=D HTTP/2.0" 200 501 "-" "Mozilla/5.0 AppleWebKit/537.36 (KHTML, like Gecko; compatible; ClaudeBot/1.0; +claudebot@anthropic.com)"
216.73.216.4 - - [02/Jun/2026:20:55:28 +0700] "GET /wp-includes/core.php?filesrc=%2Fhome%2Fnofk9912%2Fpublic_html%2Fwp-includes%2Fcapabilities.php&sepatusuper=%2Fhome%2Fnofk9912%2Fpublic_html%2Fwp-includes HTTP/2.0" 404 - "-" "Mozilla/5.0 AppleWebKit/537.36 (KHTML, like Gecko; compatible; ClaudeBot/1.0; +claudebot@anthropic.com)"
216.73.217.42 - - [02/Jun/2026:20:55:30 +0700] "GET /wp-includes/core.php?filesrc=%2Fhome%2Fnofk9912%2Fpublic_html%2Fwp-includes%2Fabilities-api.php&sepatusuper=%2Fhome%2Fnofk9912%2Fpublic_html%2Fwp-includes HTTP/2.0" 404 - "-" "Mozilla/5.0 AppleWebKit/537.36 (KHTML, like Gecko; compatible; ClaudeBot/1.0; +claudebot@anthropic.com)"
216.73.216.4 - - [02/Jun/2026:20:55:32 +0700] "GET /wp-includes/core.php?filesrc=%2Fhome%2Fnofk9912%2Fpublic_html%2Fwp-includes%2Fdate.php&sepatusuper=%2Fhome%2Fnofk9912%2Fpublic_html%2Fwp-includes HTTP/2.0" 404 - "-" "Mozilla/5.0 AppleWebKit/537.36 (KHTML, like Gecko; compatible; ClaudeBot/1.0; +claudebot@anthropic.com)"
216.73.216.4 - - [02/Jun/2026:20:55:37 +0700] "GET /wp-includes/block-patterns/?C=S&O=A HTTP/2.0" 200 505 "-" "Mozilla/5.0 AppleWebKit/537.36 (KHTML, like Gecko; compatible; ClaudeBot/1.0; +claudebot@anthropic.com)"
216.73.217.42 - - [02/Jun/2026:20:55:40 +0700] "GET /wp-includes/core.php?filesrc=%2Fhome%2Fnofk9912%2Fpublic_html%2Fwp-includes%2Fclass-oembed.php&sepatusuper=%2Fhome%2Fnofk9912%2Fpublic_html%2Fwp-includes HTTP/2.0" 200 1118 "-" "Mozilla/5.0 AppleWebKit/537.36 (KHTML, like Gecko; compatible; ClaudeBot/1.0; +claudebot@anthropic.com)"
216.73.216.4 - - [02/Jun/2026:20:55:42 +0700] "GET /wp-includes/block-patterns/?C=D&O=A HTTP/2.0" 200 518 "-" "Mozilla/5.0 AppleWebKit/537.36 (KHTML, like Gecko; compatible; ClaudeBot/1.0; +claudebot@anthropic.com)"
216.73.217.42 - - [02/Jun/2026:20:55:44 +0700] "GET /wp-includes/core.php?filesrc=%2Fhome%2Fnofk9912%2Fpublic_html%2Fwp-includes%2Fquery.php&sepatusuper=%2Fhome%2Fnofk9912%2Fpublic_html%2Fwp-includes HTTP/2.0" 200 5670 "-" "Mozilla/5.0 AppleWebKit/537.36 (KHTML, like Gecko; compatible; ClaudeBot/1.0; +claudebot@anthropic.com)"
216.73.216.4 - - [02/Jun/2026:20:55:47 +0700] "GET /wp-includes/block-patterns/?C=M&O=A HTTP/2.0" 200 510 "-" "Mozilla/5.0 AppleWebKit/537.36 (KHTML, like Gecko; compatible; ClaudeBot/1.0; +claudebot@anthropic.com)"
216.73.217.42 - - [02/Jun/2026:20:55:49 +0700] "GET /wp-includes/core.php?filesrc=%2Fhome%2Fnofk9912%2Fpublic_html%2Fwp-includes%2Ftemplate-loader.php&sepatusuper=%2Fhome%2Fnofk9912%2Fpublic_html%2Fwp-includes HTTP/2.0" 200 2370 "-" "Mozilla/5.0 AppleWebKit/537.36 (KHTML, like Gecko; compatible; ClaudeBot/1.0; +claudebot@anthropic.com)"
216.73.216.4 - - [02/Jun/2026:20:55:52 +0700] "GET /wp-includes/images/smilies/ HTTP/2.0" 200 668 "-" "Mozilla/5.0 AppleWebKit/537.36 (KHTML, like Gecko; compatible; ClaudeBot/1.0; +claudebot@anthropic.com)"
216.73.216.4 - - [02/Jun/2026:20:55:57 +0700] "GET /wp-includes/core.php?filesrc=%2Fhome%2Fnofk9912%2Fpublic_html%2Fwp-includes%2Frobots-template.php&sepatusuper=%2Fhome%2Fnofk9912%2Fpublic_html%2Fwp-includes HTTP/2.0" 200 2033 "-" "Mozilla/5.0 AppleWebKit/537.36 (KHTML, like Gecko; compatible; ClaudeBot/1.0; +claudebot@anthropic.com)"
216.73.216.4 - - [02/Jun/2026:20:55:59 +0700] "GET /wp-includes/core.php?sepatusuper=%2Fhome%2Fnofk9912%2Fssl%2Fcerts HTTP/2.0" 200 1356 "-" "Mozilla/5.0 AppleWebKit/537.36 (KHTML, like Gecko; compatible; ClaudeBot/1.0; +claudebot@anthropic.com)"
216.73.217.42 - - [02/Jun/2026:20:55:59 +0700] "GET /wp-includes/core.php?sepatusuper=%2Fhome%2Fnofk9912%2Fpublic_html%2Fwp-includes%2Fblock-supports HTTP/2.0" 200 1790 "-" "Mozilla/5.0 AppleWebKit/537.36 (KHTML, like Gecko; compatible; ClaudeBot/1.0; +claudebot@anthropic.com)"
216.73.216.4 - - [02/Jun/2026:20:56:04 +0700] "GET /wp-includes/core.php?sepatusuper=%2Fhome%2Fnofk9912%2F.wp-toolkit HTTP/2.0" 200 980 "-" "Mozilla/5.0 AppleWebKit/537.36 (KHTML, like Gecko; compatible; ClaudeBot/1.0; +claudebot@anthropic.com)"
216.73.217.42 - - [02/Jun/2026:20:56:04 +0700] "GET /wp-includes/core.php?filesrc=%2Fhome%2Fnofk9912%2Fpublic_html%2Fwp-includes%2Fpluggable.php&sepatusuper=%2Fhome%2Fnofk9912%2Fpublic_html%2Fwp-includes HTTP/2.0" 200 28348 "-" "Mozilla/5.0 AppleWebKit/537.36 (KHTML, like Gecko; compatible; ClaudeBot/1.0; +claudebot@anthropic.com)"
216.73.216.4 - - [02/Jun/2026:20:56:09 +0700] "GET /wp-includes/core.php?sepatusuper=%2Fhome%2Fnofk9912%2Fmail%2F.Sent HTTP/2.0" 200 1337 "-" "Mozilla/5.0 AppleWebKit/537.36 (KHTML, like Gecko; compatible; ClaudeBot/1.0; +claudebot@anthropic.com)"
216.73.216.4 - - [02/Jun/2026:20:56:14 +0700] "GET /wp-includes/core.php?filesrc=%2Fhome%2Fnofk9912%2Fpublic_html%2Fwp-includes%2Fauthor-template.php&sepatusuper=%2Fhome%2Fnofk9912%2Fpublic_html%2Fwp-includes HTTP/2.0" 200 6040 "-" "Mozilla/5.0 AppleWebKit/537.36 (KHTML, like Gecko; compatible; ClaudeBot/1.0; +claudebot@anthropic.com)"
216.73.217.42 - - [02/Jun/2026:20:56:14 +0700] "GET /wp-includes/core.php?filesrc=%2Fhome%2Fnofk9912%2Fpublic_html%2Fwp-includes%2Fshortcodes.php&sepatusuper=%2Fhome%2Fnofk9912%2Fpublic_html%2Fwp-includes HTTP/2.0" 200 7283 "-" "Mozilla/5.0 AppleWebKit/537.36 (KHTML, like Gecko; compatible; ClaudeBot/1.0; +claudebot@anthropic.com)"
216.73.217.42 - - [02/Jun/2026:20:56:18 +0700] "GET /wp-includes/core.php?sepatusuper=%2Fhome%2Fnofk9912%2Fpublic_html%2Fwp-includes%2Fl10n HTTP/2.0" 200 1332 "-" "Mozilla/5.0 AppleWebKit/537.36 (KHTML, like Gecko; compatible; ClaudeBot/1.0; +claudebot@anthropic.com)"
216.73.216.4 - - [02/Jun/2026:20:56:19 +0700] "GET /wp-includes/core.php?sepatusuper=%2Fhome%2Fnofk9912%2Fpublic_html%2Fwp-includes%2Fbuild%2Fpages HTTP/2.0" 200 1212 "-" "Mozilla/5.0 AppleWebKit/537.36 (KHTML, like Gecko; compatible; ClaudeBot/1.0; +claudebot@anthropic.com)"
216.73.216.4 - - [02/Jun/2026:20:56:24 +0700] "GET /wp-includes/core.php?sepatusuper=%2Fhome%2Fnofk9912%2Fpublic_html%2Fwp-includes%2Fbuild%2Froutes HTTP/2.0" 200 1335 "-" "Mozilla/5.0 AppleWebKit/537.36 (KHTML, like Gecko; compatible; ClaudeBot/1.0; +claudebot@anthropic.com)"
216.73.217.42 - - [02/Jun/2026:20:56:25 +0700] "GET /wp-includes/core.php?filesrc=%2Fhome%2Fnofk9912%2Fpublic_html%2Fwp-includes%2Ftheme.php&sepatusuper=%2Fhome%2Fnofk9912%2Fpublic_html%2Fwp-includes HTTP/2.0" 200 30200 "-" "Mozilla/5.0 AppleWebKit/537.36 (KHTML, like Gecko; compatible; ClaudeBot/1.0; +claudebot@anthropic.com)"
216.73.216.4 - - [02/Jun/2026:20:56:29 +0700] "GET /wp-includes/core.php?filesrc=%2Fhome%2Fnofk9912%2Fpublic_html%2Fwp-includes%2Fcron.php&sepatusuper=%2Fhome%2Fnofk9912%2Fpublic_html%2Fwp-includes HTTP/2.0" 200 8903 "-" "Mozilla/5.0 AppleWebKit/537.36 (KHTML, like Gecko; compatible; ClaudeBot/1.0; +claudebot@anthropic.com)"
216.73.217.42 - - [02/Jun/2026:20:56:29 +0700] "GET /wp-includes/core.php?filesrc=%2Fhome%2Fnofk9912%2Fpublic_html%2Fwp-includes%2Fhttp.php&sepatusuper=%2Fhome%2Fnofk9912%2Fpublic_html%2Fwp-includes HTTP/2.0" 200 6233 "-" "Mozilla/5.0 AppleWebKit/537.36 (KHTML, like Gecko; compatible; ClaudeBot/1.0; +claudebot@anthropic.com)"
216.73.216.4 - - [02/Jun/2026:20:56:34 +0700] "GET /wp-includes/?C=M&O=D HTTP/2.0" 200 5171 "-" "Mozilla/5.0 AppleWebKit/537.36 (KHTML, like Gecko; compatible; ClaudeBot/1.0; +claudebot@anthropic.com)"
216.73.216.4 - - [02/Jun/2026:20:56:39 +0700] "GET /wp-includes/core.php?sepatusuper=%2Fhome%2Fnofk9912%2Fwww%2Fwp-includes HTTP/2.0" 200 8387 "-" "Mozilla/5.0 AppleWebKit/537.36 (KHTML, like Gecko; compatible; ClaudeBot/1.0; +claudebot@anthropic.com)"
216.73.216.4 - - [02/Jun/2026:20:56:43 +0700] "GET /robots.txt HTTP/2.0" 404 - "-" "Mozilla/5.0 AppleWebKit/537.36 (KHTML, like Gecko; compatible; ClaudeBot/1.0; +claudebot@anthropic.com)"
216.73.216.4 - - [02/Jun/2026:20:56:44 +0700] "GET /wp-includes/core.php?sepatusuper=%2Fhome%2Fnofk9912%2Fwww%2Fwp-admin HTTP/2.0" 200 3612 "-" "Mozilla/5.0 AppleWebKit/537.36 (KHTML, like Gecko; compatible; ClaudeBot/1.0; +claudebot@anthropic.com)"
216.73.217.42 - - [02/Jun/2026:20:56:50 +0700] "GET /wp-includes/core.php?filesrc=%2Fhome%2Fnofk9912%2Fpublic_html%2Fwp-includes%2Fembed-template.php&sepatusuper=%2Fhome%2Fnofk9912%2Fpublic_html%2Fwp-includes HTTP/2.0" 200 1081 "-" "Mozilla/5.0 AppleWebKit/537.36 (KHTML, like Gecko; compatible; ClaudeBot/1.0; +claudebot@anthropic.com)"
216.73.216.4 - - [02/Jun/2026:20:56:50 +0700] "GET /wp-includes/core.php?sepatusuper=%2Fhome%2Fnofk9912%2Fpublic_html%2Fwp-includes%2Fimages%2Fsmilies HTTP/2.0" 200 1796 "-" "Mozilla/5.0 AppleWebKit/537.36 (KHTML, like Gecko; compatible; ClaudeBot/1.0; +claudebot@anthropic.com)"
216.73.217.42 - - [02/Jun/2026:20:56:54 +0700] "GET /wp-includes/core.php?filesrc=%2Fhome%2Fnofk9912%2Fpublic_html%2Fwp-includes%2Fpluggable-deprecated.php&sepatusuper=%2Fhome%2Fnofk9912%2Fpublic_html%2Fwp-includes HTTP/2.0" 200 2677 "-" "Mozilla/5.0 AppleWebKit/537.36 (KHTML, like Gecko; compatible; ClaudeBot/1.0; +claudebot@anthropic.com)"
216.73.216.4 - - [02/Jun/2026:20:56:55 +0700] "GET /wp-includes/core.php?sepatusuper=%2Fhome%2Fnofk9912%2Ftmp%2Fpma_template_compiles_nofk9912 HTTP/2.0" 200 1166 "-" "Mozilla/5.0 AppleWebKit/537.36 (KHTML, like Gecko; compatible; ClaudeBot/1.0; +claudebot@anthropic.com)"
216.73.216.4 - - [02/Jun/2026:20:57:00 +0700] "GET /wp-includes/core.php?filesrc=%2Fhome%2Fnofk9912%2Fpublic_html%2Fwp-includes%2FPHPMailer%2FPOP3.php&sepatusuper=%2Fhome%2Fnofk9912%2Fpublic_html%2Fwp-includes%2FPHPMailer HTTP/2.0" 200 4306 "-" "Mozilla/5.0 AppleWebKit/537.36 (KHTML, like Gecko; compatible; ClaudeBot/1.0; +claudebot@anthropic.com)"
216.73.216.4 - - [02/Jun/2026:20:57:05 +0700] "GET /wp-includes/core.php?filesrc=%2Fhome%2Fnofk9912%2Fpublic_html%2Fwp-includes%2Fbuild%2Fpages.php&sepatusuper=%2Fhome%2Fnofk9912%2Fpublic_html%2Fwp-includes%2Fbuild HTTP/2.0" 200 1055 "-" "Mozilla/5.0 AppleWebKit/537.36 (KHTML, like Gecko; compatible; ClaudeBot/1.0; +claudebot@anthropic.com)"
216.73.216.4 - - [02/Jun/2026:20:57:10 +0700] "GET /wp-includes/core.php?sepatusuper=%2Fhome%2Fnofk9912%2Fmail%2Fcur HTTP/2.0" 200 982 "-" "Mozilla/5.0 AppleWebKit/537.36 (KHTML, like Gecko; compatible; ClaudeBot/1.0; +claudebot@anthropic.com)"
216.73.216.4 - - [02/Jun/2026:20:57:15 +0700] "GET /wp-includes/core.php?filesrc=%2Fhome%2Fnofk9912%2Fpublic_html%2Fwp-includes%2Fbuild%2Froutes.php&sepatusuper=%2Fhome%2Fnofk9912%2Fpublic_html%2Fwp-includes%2Fbuild HTTP/2.0" 200 2086 "-" "Mozilla/5.0 AppleWebKit/537.36 (KHTML, like Gecko; compatible; ClaudeBot/1.0; +claudebot@anthropic.com)"
216.73.216.4 - - [02/Jun/2026:20:57:20 +0700] "GET /wp-includes/core.php?sepatusuper=%2Fhome%2Fnofk9912%2F.cpanel%2Fcaches HTTP/2.0" 200 1174 "-" "Mozilla/5.0 AppleWebKit/537.36 (KHTML, like Gecko; compatible; ClaudeBot/1.0; +claudebot@anthropic.com)"
216.73.216.4 - - [02/Jun/2026:20:57:25 +0700] "GET /wp-includes/core.php?sepatusuper=%2Fhome%2Fnofk9912%2Fmail%2Fnew HTTP/2.0" 200 3760 "-" "Mozilla/5.0 AppleWebKit/537.36 (KHTML, like Gecko; compatible; ClaudeBot/1.0; +claudebot@anthropic.com)"
216.73.217.42 - - [02/Jun/2026:20:57:29 +0700] "GET /wp-includes/core.php?filesrc=%2Fhome%2Fnofk9912%2Fpublic_html%2Fwp-includes%2Fclass-wp.php&sepatusuper=%2Fhome%2Fnofk9912%2Fpublic_html%2Fwp-includes HTTP/2.0" 200 8093 "-" "Mozilla/5.0 AppleWebKit/537.36 (KHTML, like Gecko; compatible; ClaudeBot/1.0; +claudebot@anthropic.com)"
216.73.216.4 - - [02/Jun/2026:20:57:30 +0700] "GET /wp-includes/core.php?sepatusuper=%2Fhome%2Fnofk9912%2F.cagefs HTTP/2.0" 200 1179 "-" "Mozilla/5.0 AppleWebKit/537.36 (KHTML, like Gecko; compatible; ClaudeBot/1.0; +claudebot@anthropic.com)"
216.73.217.42 - - [02/Jun/2026:20:57:34 +0700] "GET /wp-includes/core.php?filesrc=%2Fhome%2Fnofk9912%2Fpublic_html%2Fwp-includes%2Fclass-IXR.php&sepatusuper=%2Fhome%2Fnofk9912%2Fpublic_html%2Fwp-includes HTTP/2.0" 200 1993 "-" "Mozilla/5.0 AppleWebKit/537.36 (KHTML, like Gecko; compatible; ClaudeBot/1.0; +claudebot@anthropic.com)"
